Last updated on 2024-07-01 03:49:01 CEST.
Flavor | Version | Tinstall | Tcheck | Ttotal | Status | Flags |
---|---|---|---|---|---|---|
r-devel-linux-x86_64-debian-clang | 0.5 | 12.95 | 135.58 | 148.53 | OK | |
r-devel-linux-x86_64-debian-gcc | 0.5 | 10.83 | 101.93 | 112.76 | OK | |
r-devel-linux-x86_64-fedora-clang | 0.5 | 196.28 | NOTE | |||
r-devel-linux-x86_64-fedora-gcc | 0.5 | 196.66 | OK | |||
r-devel-windows-x86_64 | 0.5 | 13.00 | 119.00 | 132.00 | OK | |
r-patched-linux-x86_64 | 0.5 | 11.41 | 132.33 | 143.74 | OK | |
r-release-linux-x86_64 | 0.5 | 8.63 | 131.19 | 139.82 | OK | |
r-release-macos-arm64 | 0.5 | 60.00 | OK | |||
r-release-macos-x86_64 | 0.5 | 85.00 | OK | |||
r-release-windows-x86_64 | 0.5 | 14.00 | 120.00 | 134.00 | OK | |
r-oldrel-macos-arm64 | 0.5 | 68.00 | OK | |||
r-oldrel-macos-x86_64 | 0.5 | 102.00 | NOTE | |||
r-oldrel-windows-x86_64 | 0.5 | 18.00 | 144.00 | 162.00 | OK |
Version: 0.5
Check: Rd cross-references
Result: NOTE
Undeclared package ‘eRm’ in Rd xrefs
Flavor: r-devel-linux-x86_64-fedora-clang
Version: 0.5
Check: Rd cross-references
Result: NOTE
Package unavailable to check Rd xrefs: ‘eRm’
Flavor: r-oldrel-macos-x86_64