Last updated on 2024-07-01 03:49:01 CEST.
Flavor | Version | Tinstall | Tcheck | Ttotal | Status | Flags |
---|---|---|---|---|---|---|
r-devel-linux-x86_64-debian-clang | 1.2.0 | 100.54 | 90.62 | 191.16 | OK | |
r-devel-linux-x86_64-debian-gcc | 1.2.0 | 82.41 | 69.98 | 152.39 | OK | |
r-devel-linux-x86_64-fedora-clang | 1.2.0 | 237.83 | OK | |||
r-devel-linux-x86_64-fedora-gcc | 1.2.0 | 293.85 | OK | |||
r-devel-windows-x86_64 | 1.2.0 | 74.00 | 101.00 | 175.00 | NOTE | |
r-patched-linux-x86_64 | 1.2.0 | 102.67 | 89.68 | 192.35 | OK | |
r-release-linux-x86_64 | 1.2.0 | 101.69 | 87.43 | 189.12 | OK | |
r-release-macos-arm64 | 1.2.0 | 63.00 | NOTE | |||
r-release-macos-x86_64 | 1.2.0 | 104.00 | NOTE | |||
r-release-windows-x86_64 | 1.2.0 | 77.00 | 98.00 | 175.00 | NOTE | |
r-oldrel-macos-arm64 | 1.2.0 | 74.00 | NOTE | |||
r-oldrel-macos-x86_64 | 1.2.0 | 111.00 | NOTE | |||
r-oldrel-windows-x86_64 | 1.2.0 | 94.00 | 123.00 | 217.00 | NOTE |
Version: 1.2.0
Check: installed package size
Result: NOTE
installed size is 12.6Mb
sub-directories of 1Mb or more:
libs 12.5Mb
Flavors: r-devel-windows-x86_64, r-release-macos-arm64, r-release-macos-x86_64, r-release-windows-x86_64, r-oldrel-macos-arm64, r-oldrel-macos-x86_64, r-oldrel-windows-x86_64