Last updated on 2024-07-01 03:49:01 CEST.
Flavor | Version | Tinstall | Tcheck | Ttotal | Status | Flags |
---|---|---|---|---|---|---|
r-devel-linux-x86_64-debian-clang | 0.1.0 | 4.70 | 307.20 | 311.90 | NOTE | |
r-devel-linux-x86_64-debian-gcc | 0.1.0 | 2.91 | 214.19 | 217.10 | NOTE | |
r-devel-linux-x86_64-fedora-clang | 0.1.0 | 405.52 | NOTE | |||
r-devel-linux-x86_64-fedora-gcc | 0.1.0 | 378.49 | NOTE | |||
r-devel-windows-x86_64 | 0.1.0 | 7.00 | 242.00 | 249.00 | NOTE | |
r-patched-linux-x86_64 | 0.1.0 | 5.81 | 268.68 | 274.49 | NOTE | |
r-release-linux-x86_64 | 0.1.0 | 3.50 | 270.87 | 274.37 | NOTE | |
r-release-macos-arm64 | 0.1.0 | 167.00 | NOTE | |||
r-release-macos-x86_64 | 0.1.0 | 380.00 | NOTE | |||
r-release-windows-x86_64 | 0.1.0 | 7.00 | 244.00 | 251.00 | NOTE | |
r-oldrel-macos-arm64 | 0.1.0 | 181.00 | NOTE | |||
r-oldrel-macos-x86_64 | 0.1.0 | 263.00 | NOTE | |||
r-oldrel-windows-x86_64 | 0.1.0 | 8.00 | 290.00 | 298.00 | NOTE |
Version: 0.1.0
Check: Rd files
Result: NOTE
checkRd: (-1) eesim.Rd:148-151: Lost braces in \itemize; \value handles \item{}{} directly
checkRd: (-1) eesim.Rd:152-155: Lost braces in \itemize; \value handles \item{}{} directly
checkRd: (-1) eesim.Rd:156-158: Lost braces in \itemize; \value handles \item{}{} directly
Flavors: r-devel-linux-x86_64-debian-clang, r-devel-linux-x86_64-debian-gcc, r-devel-linux-x86_64-fedora-clang, r-devel-linux-x86_64-fedora-gcc, r-devel-windows-x86_64, r-patched-linux-x86_64, r-release-linux-x86_64, r-release-macos-arm64, r-release-macos-x86_64, r-release-windows-x86_64
Version: 0.1.0
Check: LazyData
Result: NOTE
'LazyData' is specified without a 'data' directory
Flavors: r-devel-linux-x86_64-debian-clang, r-devel-linux-x86_64-debian-gcc, r-devel-linux-x86_64-fedora-clang, r-devel-linux-x86_64-fedora-gcc, r-devel-windows-x86_64, r-patched-linux-x86_64, r-release-linux-x86_64, r-release-macos-arm64, r-release-macos-x86_64, r-release-windows-x86_64, r-oldrel-macos-arm64, r-oldrel-macos-x86_64, r-oldrel-windows-x86_64