Last updated on 2024-07-01 03:49:01 CEST.
Flavor | Version | Tinstall | Tcheck | Ttotal | Status | Flags |
---|---|---|---|---|---|---|
r-devel-linux-x86_64-debian-clang | 0.2.0 | 20.13 | 121.34 | 141.47 | NOTE | |
r-devel-linux-x86_64-debian-gcc | 0.2.0 | 17.20 | 88.16 | 105.36 | NOTE | |
r-devel-linux-x86_64-fedora-clang | 0.2.0 | 187.00 | NOTE | |||
r-devel-linux-x86_64-fedora-gcc | 0.2.0 | 174.81 | NOTE | |||
r-devel-windows-x86_64 | 0.2.0 | 20.00 | 100.00 | 120.00 | NOTE | |
r-patched-linux-x86_64 | 0.2.0 | 21.59 | 113.92 | 135.51 | NOTE | |
r-release-linux-x86_64 | 0.2.0 | 22.33 | 116.46 | 138.79 | NOTE | |
r-release-macos-arm64 | 0.2.0 | 43.00 | NOTE | |||
r-release-macos-x86_64 | 0.2.0 | 66.00 | NOTE | |||
r-release-windows-x86_64 | 0.2.0 | 21.00 | 101.00 | 122.00 | NOTE | |
r-oldrel-macos-arm64 | 0.2.0 | 54.00 | OK | |||
r-oldrel-macos-x86_64 | 0.2.0 | 83.00 | OK | |||
r-oldrel-windows-x86_64 | 0.2.0 | 27.00 | 127.00 | 154.00 | OK |
Version: 0.2.0
Check: Rd files
Result: NOTE
checkRd: (-1) edm2psd.Rd:10: Lost braces; missing escapes or markup?
10 | \item{D}{A matrix in the set D_{n}^{-}.}
| ^
checkRd: (-1) edm2psd.Rd:10: Lost braces; missing escapes or markup?
10 | \item{D}{A matrix in the set D_{n}^{-}.}
| ^
Flavors: r-devel-linux-x86_64-debian-clang, r-devel-linux-x86_64-debian-gcc, r-devel-linux-x86_64-fedora-clang, r-devel-linux-x86_64-fedora-gcc, r-devel-windows-x86_64, r-patched-linux-x86_64, r-release-linux-x86_64, r-release-macos-arm64, r-release-macos-x86_64, r-release-windows-x86_64