Last updated on 2024-07-01 03:49:01 CEST.
Flavor | Version | Tinstall | Tcheck | Ttotal | Status | Flags |
---|---|---|---|---|---|---|
r-devel-linux-x86_64-debian-clang | 0.4.2 | 43.85 | 99.08 | 142.93 | OK | |
r-devel-linux-x86_64-debian-gcc | 0.4.2 | 26.50 | 73.63 | 100.13 | OK | |
r-devel-linux-x86_64-fedora-clang | 0.4.2 | 179.08 | NOTE | |||
r-devel-linux-x86_64-fedora-gcc | 0.4.2 | 188.39 | NOTE | |||
r-devel-windows-x86_64 | 0.4.2 | 33.00 | 103.00 | 136.00 | OK | |
r-patched-linux-x86_64 | 0.4.2 | 38.77 | 95.29 | 134.06 | OK | |
r-release-linux-x86_64 | 0.4.2 | 33.99 | 93.75 | 127.74 | OK | |
r-release-macos-arm64 | 0.4.2 | 47.00 | OK | |||
r-release-macos-x86_64 | 0.4.2 | 65.00 | OK | |||
r-release-windows-x86_64 | 0.4.2 | 33.00 | 104.00 | 137.00 | OK | |
r-oldrel-macos-arm64 | 0.4.2 | 54.00 | OK | |||
r-oldrel-macos-x86_64 | 0.4.2 | 116.00 | OK | |||
r-oldrel-windows-x86_64 | 0.4.2 | 42.00 | 126.00 | 168.00 | OK |
Version: 0.4.2
Check: data for non-ASCII characters
Result: NOTE
Note: found 22 marked UTF-8 strings
Flavors: r-devel-linux-x86_64-fedora-clang, r-devel-linux-x86_64-fedora-gcc