Last updated on 2024-07-01 03:49:01 CEST.
Flavor | Version | Tinstall | Tcheck | Ttotal | Status | Flags |
---|---|---|---|---|---|---|
r-devel-linux-x86_64-debian-clang | 0.3.1 | 33.58 | 345.67 | 379.25 | NOTE | |
r-devel-linux-x86_64-debian-gcc | 0.3.1 | 28.51 | 239.67 | 268.18 | NOTE | |
r-devel-linux-x86_64-fedora-clang | 0.3.1 | 467.90 | NOTE | |||
r-devel-linux-x86_64-fedora-gcc | 0.3.1 | 475.63 | NOTE | |||
r-devel-windows-x86_64 | 0.3.1 | 29.00 | 199.00 | 228.00 | NOTE | |
r-patched-linux-x86_64 | 0.3.1 | 31.42 | 324.78 | 356.20 | NOTE | |
r-release-linux-x86_64 | 0.3.1 | 24.16 | 328.20 | 352.36 | NOTE | |
r-release-macos-arm64 | 0.3.1 | 106.00 | NOTE | |||
r-release-macos-x86_64 | 0.3.1 | 169.00 | NOTE | |||
r-release-windows-x86_64 | 0.3.1 | 29.00 | 200.00 | 229.00 | NOTE | |
r-oldrel-macos-arm64 | 0.3.1 | 129.00 | OK | |||
r-oldrel-macos-x86_64 | 0.3.1 | 214.00 | OK | |||
r-oldrel-windows-x86_64 | 0.3.1 | 40.00 | 269.00 | 309.00 | OK |
Version: 0.3.1
Check: Rd files
Result: NOTE
checkRd: (-1) sd_map.Rd:33-34: Lost braces
33 | the map. \itemize{ \item{\code{elem} {displays elementary and unified
| ^
checkRd: (-1) sd_map.Rd:34: Lost braces; missing escapes or markup?
34 | districts}} \item{\code{secon} {displays secondary and unified districts}}}
| ^
Flavors: r-devel-linux-x86_64-debian-clang, r-devel-linux-x86_64-debian-gcc, r-devel-linux-x86_64-fedora-clang, r-devel-linux-x86_64-fedora-gcc, r-devel-windows-x86_64, r-patched-linux-x86_64, r-release-linux-x86_64, r-release-macos-arm64, r-release-macos-x86_64, r-release-windows-x86_64