Last updated on 2024-07-01 03:49:01 CEST.
Flavor | Version | Tinstall | Tcheck | Ttotal | Status | Flags |
---|---|---|---|---|---|---|
r-devel-linux-x86_64-debian-clang | 2.1.1 | 38.91 | 221.10 | 260.01 | NOTE | |
r-devel-linux-x86_64-debian-gcc | 2.1.1 | 22.44 | 162.43 | 184.87 | NOTE | |
r-devel-linux-x86_64-fedora-clang | 2.1.1 | 297.85 | NOTE | |||
r-devel-linux-x86_64-fedora-gcc | 2.1.1 | 321.87 | NOTE | |||
r-devel-windows-x86_64 | 2.1.1 | 36.00 | 204.00 | 240.00 | NOTE | |
r-patched-linux-x86_64 | 2.1.1 | 31.69 | 208.45 | 240.14 | NOTE | |
r-release-linux-x86_64 | 2.1.1 | 20.28 | 210.60 | 230.88 | NOTE | |
r-release-macos-arm64 | 2.1.1 | 110.00 | NOTE | |||
r-release-macos-x86_64 | 2.1.1 | 208.00 | NOTE | |||
r-release-windows-x86_64 | 2.1.1 | 35.00 | 216.00 | 251.00 | NOTE | |
r-oldrel-macos-arm64 | 2.1.1 | 124.00 | OK | |||
r-oldrel-macos-x86_64 | 2.1.1 | 192.00 | OK | |||
r-oldrel-windows-x86_64 | 2.1.1 | 43.00 | 256.00 | 299.00 | OK |
Version: 2.1.1
Check: Rd files
Result: NOTE
checkRd: (-1) transformFitness.Rd:25: Lost braces; missing escapes or markup?
25 | minimization (most others). This function computes a factor from {-1, 1} for
| ^
Flavors: r-devel-linux-x86_64-debian-clang, r-devel-linux-x86_64-debian-gcc, r-devel-linux-x86_64-fedora-clang, r-devel-linux-x86_64-fedora-gcc, r-devel-windows-x86_64, r-patched-linux-x86_64, r-release-linux-x86_64, r-release-macos-arm64, r-release-macos-x86_64, r-release-windows-x86_64