Last updated on 2024-07-01 03:49:01 CEST.
Flavor | Version | Tinstall | Tcheck | Ttotal | Status | Flags |
---|---|---|---|---|---|---|
r-devel-linux-x86_64-debian-clang | 0.1.3 | 47.36 | 454.72 | 502.08 | OK | |
r-devel-linux-x86_64-debian-gcc | 0.1.3 | 42.56 | 317.33 | 359.89 | OK | |
r-devel-linux-x86_64-fedora-clang | 0.1.3 | 601.94 | NOTE | |||
r-devel-linux-x86_64-fedora-gcc | 0.1.3 | 640.31 | NOTE | |||
r-devel-windows-x86_64 | 0.1.3 | 39.00 | 284.00 | 323.00 | OK | |
r-patched-linux-x86_64 | 0.1.3 | 31.84 | 427.67 | 459.51 | OK | |
r-release-linux-x86_64 | 0.1.3 | 32.47 | 427.72 | 460.19 | OK | |
r-release-macos-arm64 | 0.1.3 | 147.00 | OK | |||
r-release-macos-x86_64 | 0.1.3 | 213.00 | OK | |||
r-release-windows-x86_64 | 0.1.3 | 37.00 | 287.00 | 324.00 | OK | |
r-oldrel-macos-arm64 | 0.1.3 | 130.00 | OK | |||
r-oldrel-macos-x86_64 | 0.1.3 | 364.00 | OK | |||
r-oldrel-windows-x86_64 | 0.1.3 | 52.00 | 379.00 | 431.00 | OK |
Version: 0.1.3
Check: data for non-ASCII characters
Result: NOTE
Note: found 1281 marked UTF-8 strings
Flavors: r-devel-linux-x86_64-fedora-clang, r-devel-linux-x86_64-fedora-gcc