Last updated on 2024-07-01 03:49:01 CEST.
Flavor | Version | Tinstall | Tcheck | Ttotal | Status | Flags |
---|---|---|---|---|---|---|
r-devel-linux-x86_64-debian-clang | 1.4 | 47.45 | 447.54 | 494.99 | OK | |
r-devel-linux-x86_64-debian-gcc | 1.4 | 40.17 | 332.95 | 373.12 | OK | |
r-devel-linux-x86_64-fedora-clang | 1.4 | 625.93 | OK | |||
r-devel-linux-x86_64-fedora-gcc | 1.4 | 632.05 | OK | |||
r-devel-windows-x86_64 | 1.4 | 41.00 | 291.00 | 332.00 | OK | |
r-patched-linux-x86_64 | 1.4 | 32.50 | 419.79 | 452.29 | OK | |
r-release-linux-x86_64 | 1.4 | 33.22 | 414.21 | 447.43 | OK | |
r-release-macos-arm64 | 1.4 | 5.00 | ERROR | |||
r-release-macos-x86_64 | 1.4 | 256.00 | OK | |||
r-release-windows-x86_64 | 1.4 | 43.00 | 288.00 | 331.00 | OK | |
r-oldrel-macos-arm64 | 1.4 | 168.00 | OK | |||
r-oldrel-macos-x86_64 | 1.4 | 345.00 | OK | |||
r-oldrel-windows-x86_64 | 1.4 | 58.00 | 389.00 | 447.00 | OK |
Version: 1.4
Check: package dependencies
Result: ERROR
Package required but not available: ‘diffcoexp’
See section ‘The DESCRIPTION file’ in the ‘Writing R Extensions’
manual.
Flavor: r-release-macos-arm64