Last updated on 2024-07-01 03:49:01 CEST.
Flavor | Version | Tinstall | Tcheck | Ttotal | Status | Flags |
---|---|---|---|---|---|---|
r-devel-linux-x86_64-debian-clang | 2.5 | 20.34 | 101.87 | 122.21 | NOTE | |
r-devel-linux-x86_64-debian-gcc | 2.5 | 17.46 | 76.21 | 93.67 | NOTE | |
r-devel-linux-x86_64-fedora-clang | 2.5 | 151.85 | NOTE | |||
r-devel-linux-x86_64-fedora-gcc | 2.5 | 161.20 | NOTE | |||
r-devel-windows-x86_64 | 2.5 | 56.00 | 110.00 | 166.00 | NOTE | |
r-patched-linux-x86_64 | 2.5 | 21.28 | 98.67 | 119.95 | NOTE | |
r-release-linux-x86_64 | 2.5 | 19.81 | 99.66 | 119.47 | NOTE | |
r-release-macos-arm64 | 2.5 | 58.00 | NOTE | |||
r-release-macos-x86_64 | 2.5 | 82.00 | NOTE | |||
r-release-windows-x86_64 | 2.5 | 51.00 | 109.00 | 160.00 | NOTE | |
r-oldrel-macos-arm64 | 2.5 | 61.00 | NOTE | |||
r-oldrel-macos-x86_64 | 2.5 | 130.00 | NOTE | |||
r-oldrel-windows-x86_64 | 2.5 | 65.00 | 124.00 | 189.00 | NOTE |
Version: 2.5
Check: for GNU extensions in Makefiles
Result: NOTE
GNU make is a SystemRequirements.
Flavors: r-devel-linux-x86_64-debian-clang, r-devel-linux-x86_64-debian-gcc, r-devel-linux-x86_64-fedora-clang, r-devel-linux-x86_64-fedora-gcc, r-devel-windows-x86_64, r-patched-linux-x86_64, r-release-linux-x86_64, r-release-macos-arm64, r-release-macos-x86_64, r-release-windows-x86_64, r-oldrel-macos-arm64, r-oldrel-macos-x86_64, r-oldrel-windows-x86_64
Version: 2.5
Check: installed package size
Result: NOTE
installed size is 6.0Mb
sub-directories of 1Mb or more:
bin 3.0Mb
extdata 1.7Mb
Flavors: r-devel-windows-x86_64, r-release-windows-x86_64, r-oldrel-windows-x86_64
Version: 2.5
Check: compiled code
Result: NOTE
File ‘eaf/libs/eaf.so’:
Found ‘___stderrp’, possibly from ‘stderr’ (C)
Objects: ‘eaf/io.o’, ‘mo-tools/hv.o’
Found ‘___stdoutp’, possibly from ‘stdout’ (C)
Object: ‘eaf/io.o’
Compiled code should not call entry points which might terminate R nor
write to stdout/stderr instead of to the console, nor use Fortran I/O
nor system RNGs nor [v]sprintf.
See ‘Writing portable packages’ in the ‘Writing R Extensions’ manual.
Flavors: r-release-macos-arm64, r-release-macos-x86_64, r-oldrel-macos-arm64, r-oldrel-macos-x86_64