Last updated on 2024-07-01 03:49:01 CEST.
Flavor | Version | Tinstall | Tcheck | Ttotal | Status | Flags |
---|---|---|---|---|---|---|
r-devel-linux-x86_64-debian-clang | 1.5.4 | 39.05 | 126.70 | 165.75 | NOTE | |
r-devel-linux-x86_64-debian-gcc | 1.5.4 | 28.32 | 90.15 | 118.47 | NOTE | |
r-devel-linux-x86_64-fedora-clang | 1.5.4 | 219.12 | NOTE | |||
r-devel-linux-x86_64-fedora-gcc | 1.5.4 | 199.17 | NOTE | |||
r-devel-windows-x86_64 | 1.5.4 | 44.00 | 103.00 | 147.00 | NOTE | |
r-patched-linux-x86_64 | 1.5.4 | 37.38 | 117.73 | 155.11 | NOTE | |
r-release-linux-x86_64 | 1.5.4 | 34.97 | 119.94 | 154.91 | NOTE | |
r-release-macos-arm64 | 1.5.4 | 55.00 | NOTE | |||
r-release-macos-x86_64 | 1.5.4 | 79.00 | NOTE | |||
r-release-windows-x86_64 | 1.5.4 | 45.00 | 106.00 | 151.00 | NOTE | |
r-oldrel-macos-arm64 | 1.5.4 | 64.00 | OK | |||
r-oldrel-macos-x86_64 | 1.5.4 | 104.00 | OK | |||
r-oldrel-windows-x86_64 | 1.5.4 | 52.00 | 149.00 | 201.00 | OK |
Version: 1.5.4
Check: Rd files
Result: NOTE
checkRd: (-1) extract-methods.Rd:105: Lost braces
105 | argument \code{what}. For code{"["} the cutted object.
| ^
Flavors: r-devel-linux-x86_64-debian-clang, r-devel-linux-x86_64-debian-gcc, r-devel-linux-x86_64-fedora-clang, r-devel-linux-x86_64-fedora-gcc, r-devel-windows-x86_64, r-patched-linux-x86_64, r-release-linux-x86_64, r-release-macos-arm64, r-release-macos-x86_64, r-release-windows-x86_64