Last updated on 2024-07-01 03:49:01 CEST.
Flavor | Version | Tinstall | Tcheck | Ttotal | Status | Flags |
---|---|---|---|---|---|---|
r-devel-linux-x86_64-debian-clang | 0.0.4 | 12.40 | 139.47 | 151.87 | OK | |
r-devel-linux-x86_64-debian-gcc | 0.0.4 | 11.38 | 102.61 | 113.99 | OK | |
r-devel-linux-x86_64-fedora-clang | 0.0.4 | 190.52 | NOTE | |||
r-devel-linux-x86_64-fedora-gcc | 0.0.4 | 210.72 | OK | |||
r-devel-windows-x86_64 | 0.0.4 | 12.00 | 122.00 | 134.00 | OK | |
r-patched-linux-x86_64 | 0.0.4 | 14.93 | 130.91 | 145.84 | OK | |
r-release-linux-x86_64 | 0.0.4 | 10.07 | 131.40 | 141.47 | OK | |
r-release-macos-arm64 | 0.0.4 | 64.00 | OK | |||
r-release-macos-x86_64 | 0.0.4 | 92.00 | OK | |||
r-release-windows-x86_64 | 0.0.4 | 13.00 | 129.00 | 142.00 | OK | |
r-oldrel-macos-arm64 | 0.0.4 | 62.00 | OK | |||
r-oldrel-macos-x86_64 | 0.0.4 | 105.00 | OK | |||
r-oldrel-windows-x86_64 | 0.0.4 | 16.00 | 148.00 | 164.00 | OK |
Version: 0.0.4
Check: Rd cross-references
Result: NOTE
Undeclared package ‘data.table’ in Rd xrefs
Flavor: r-devel-linux-x86_64-fedora-clang