Last updated on 2024-07-01 03:49:01 CEST.
Flavor | Version | Tinstall | Tcheck | Ttotal | Status | Flags |
---|---|---|---|---|---|---|
r-devel-linux-x86_64-debian-clang | 0.2.6 | 161.89 | 30.27 | 192.16 | OK | |
r-devel-linux-x86_64-debian-gcc | 0.2.6 | 113.40 | 24.21 | 137.61 | OK | |
r-devel-linux-x86_64-fedora-clang | 0.2.6 | 322.12 | OK | |||
r-devel-linux-x86_64-fedora-gcc | 0.2.6 | 312.36 | OK | |||
r-devel-windows-x86_64 | 0.2.6 | 130.00 | 68.00 | 198.00 | OK | |
r-patched-linux-x86_64 | 0.2.6 | 138.64 | 29.26 | 167.90 | OK | |
r-release-linux-x86_64 | 0.2.6 | 140.14 | 28.75 | 168.89 | OK | |
r-release-macos-arm64 | 0.2.6 | 58.00 | NOTE | |||
r-release-macos-x86_64 | 0.2.6 | 56.00 | NOTE | |||
r-release-windows-x86_64 | 0.2.6 | 136.00 | 68.00 | 204.00 | OK | |
r-oldrel-macos-arm64 | 0.2.6 | 70.00 | NOTE | |||
r-oldrel-macos-x86_64 | 0.2.6 | 123.00 | NOTE | |||
r-oldrel-windows-x86_64 | 0.2.6 | 139.00 | 80.00 | 219.00 | OK |
Version: 0.2.6
Check: installed package size
Result: NOTE
installed size is 12.4Mb
sub-directories of 1Mb or more:
libs 12.2Mb
Flavors: r-release-macos-arm64, r-release-macos-x86_64, r-oldrel-macos-arm64, r-oldrel-macos-x86_64