Last updated on 2024-07-01 03:49:01 CEST.
Flavor | Version | Tinstall | Tcheck | Ttotal | Status | Flags |
---|---|---|---|---|---|---|
r-devel-linux-x86_64-debian-clang | 0.1.1 | 26.17 | 48.55 | 74.72 | OK | |
r-devel-linux-x86_64-debian-gcc | 0.1.1 | 17.96 | 36.80 | 54.76 | OK | |
r-devel-linux-x86_64-fedora-clang | 0.1.1 | 98.66 | NOTE | |||
r-devel-linux-x86_64-fedora-gcc | 0.1.1 | 134.73 | OK | |||
r-devel-windows-x86_64 | 0.1.1 | 22.00 | 82.00 | 104.00 | OK | |
r-patched-linux-x86_64 | 0.1.1 | 21.91 | 46.63 | 68.54 | OK | |
r-release-linux-x86_64 | 0.1.1 | 21.53 | 46.24 | 67.77 | OK | |
r-release-macos-arm64 | 0.1.1 | 38.00 | OK | |||
r-release-macos-x86_64 | 0.1.1 | 73.00 | OK | |||
r-release-windows-x86_64 | 0.1.1 | 20.00 | 81.00 | 101.00 | OK | |
r-oldrel-macos-arm64 | 0.1.1 | 42.00 | OK | |||
r-oldrel-macos-x86_64 | 0.1.1 | 73.00 | OK | |||
r-oldrel-windows-x86_64 | 0.1.1 | 23.00 | 91.00 | 114.00 | OK |
Version: 0.1.1
Check: Rd cross-references
Result: NOTE
Undeclared package ‘RcppEigen’ in Rd xrefs
Flavor: r-devel-linux-x86_64-fedora-clang