Last updated on 2024-07-01 03:49:01 CEST.
Flavor | Version | Tinstall | Tcheck | Ttotal | Status | Flags |
---|---|---|---|---|---|---|
r-devel-linux-x86_64-debian-clang | 0.3.3 | 3.13 | 50.87 | 54.00 | OK | |
r-devel-linux-x86_64-debian-gcc | 0.3.3 | 2.52 | 38.54 | 41.06 | OK | |
r-devel-linux-x86_64-fedora-clang | 0.3.3 | 68.46 | NOTE | |||
r-devel-linux-x86_64-fedora-gcc | 0.3.3 | 81.94 | OK | |||
r-devel-windows-x86_64 | 0.3.3 | 5.00 | 62.00 | 67.00 | NOTE | |
r-patched-linux-x86_64 | 0.3.3 | 2.91 | 49.13 | 52.04 | OK | |
r-release-linux-x86_64 | 0.3.3 | 1.94 | 47.36 | 49.30 | OK | |
r-release-macos-arm64 | 0.3.3 | 34.00 | NOTE | |||
r-release-macos-x86_64 | 0.3.3 | 55.00 | NOTE | |||
r-release-windows-x86_64 | 0.3.3 | 5.00 | 62.00 | 67.00 | NOTE | |
r-oldrel-macos-arm64 | 0.3.3 | 40.00 | NOTE | |||
r-oldrel-macos-x86_64 | 0.3.3 | 75.00 | NOTE | |||
r-oldrel-windows-x86_64 | 0.3.3 | 5.00 | 67.00 | 72.00 | NOTE |
Version: 0.3.3
Check: installed package size
Result: NOTE
installed size is 5.2Mb
sub-directories of 1Mb or more:
assets 2.9Mb
doc 2.1Mb
Flavors: r-devel-linux-x86_64-fedora-clang, r-devel-windows-x86_64, r-release-macos-arm64, r-release-macos-x86_64, r-release-windows-x86_64, r-oldrel-macos-arm64, r-oldrel-macos-x86_64, r-oldrel-windows-x86_64