Last updated on 2024-07-01 03:49:01 CEST.
Flavor | Version | Tinstall | Tcheck | Ttotal | Status | Flags |
---|---|---|---|---|---|---|
r-devel-linux-x86_64-debian-clang | 0.0.2 | 6.34 | 119.11 | 125.45 | OK | |
r-devel-linux-x86_64-debian-gcc | 0.0.2 | 4.52 | 86.39 | 90.91 | OK | |
r-devel-linux-x86_64-fedora-clang | 0.0.2 | 158.34 | NOTE | |||
r-devel-linux-x86_64-fedora-gcc | 0.0.2 | 172.02 | NOTE | |||
r-devel-windows-x86_64 | 0.0.2 | 6.00 | 103.00 | 109.00 | OK | |
r-patched-linux-x86_64 | 0.0.2 | 5.58 | 112.78 | 118.36 | OK | |
r-release-linux-x86_64 | 0.0.2 | 3.46 | 114.16 | 117.62 | OK | |
r-release-macos-arm64 | 0.0.2 | 49.00 | OK | |||
r-release-macos-x86_64 | 0.0.2 | 86.00 | OK | |||
r-release-windows-x86_64 | 0.0.2 | 7.00 | 106.00 | 113.00 | OK | |
r-oldrel-macos-arm64 | 0.0.2 | 50.00 | OK | |||
r-oldrel-macos-x86_64 | 0.0.2 | 94.00 | OK | |||
r-oldrel-windows-x86_64 | 0.0.2 | 7.00 | 132.00 | 139.00 | OK |
Version: 0.0.2
Check: data for non-ASCII characters
Result: NOTE
Note: found 2 marked UTF-8 strings
Flavors: r-devel-linux-x86_64-fedora-clang, r-devel-linux-x86_64-fedora-gcc