Last updated on 2024-07-01 03:49:01 CEST.
Flavor | Version | Tinstall | Tcheck | Ttotal | Status | Flags |
---|---|---|---|---|---|---|
r-devel-linux-x86_64-debian-clang | 1.0.8 | 62.38 | 39.67 | 102.05 | NOTE | |
r-devel-linux-x86_64-debian-gcc | 1.0.8 | 45.68 | 29.51 | 75.19 | NOTE | |
r-devel-linux-x86_64-fedora-clang | 1.0.8 | 161.70 | NOTE | |||
r-devel-linux-x86_64-fedora-gcc | 1.0.8 | 156.79 | NOTE | |||
r-devel-windows-x86_64 | 1.0.8 | 49.00 | 68.00 | 117.00 | NOTE | |
r-patched-linux-x86_64 | 1.0.8 | 51.04 | 37.44 | 88.48 | NOTE | |
r-release-linux-x86_64 | 1.0.8 | 53.83 | 37.00 | 90.83 | NOTE | |
r-release-macos-arm64 | 1.0.8 | 32.00 | NOTE | |||
r-release-macos-x86_64 | 1.0.8 | 40.00 | NOTE | |||
r-release-windows-x86_64 | 1.0.8 | 49.00 | 66.00 | 115.00 | NOTE | |
r-oldrel-macos-arm64 | 1.0.8 | 38.00 | NOTE | |||
r-oldrel-macos-x86_64 | 1.0.8 | 65.00 | NOTE | |||
r-oldrel-windows-x86_64 | 1.0.8 | 53.00 | 81.00 | 134.00 | NOTE |
Version: 1.0.8
Check: C++ specification
Result: NOTE
Specified C++11: please drop specification unless essential
Flavors: r-devel-linux-x86_64-debian-clang, r-devel-linux-x86_64-debian-gcc, r-devel-linux-x86_64-fedora-clang, r-devel-linux-x86_64-fedora-gcc, r-devel-windows-x86_64, r-patched-linux-x86_64, r-release-linux-x86_64, r-release-macos-arm64, r-release-macos-x86_64, r-release-windows-x86_64, r-oldrel-macos-arm64, r-oldrel-macos-x86_64, r-oldrel-windows-x86_64