Last updated on 2024-07-01 03:49:00 CEST.
Flavor | Version | Tinstall | Tcheck | Ttotal | Status | Flags |
---|---|---|---|---|---|---|
r-devel-linux-x86_64-debian-clang | 4.6.22 | 25.22 | 189.70 | 214.92 | OK | |
r-devel-linux-x86_64-debian-gcc | 4.6.22 | 20.33 | 141.09 | 161.42 | OK | |
r-devel-linux-x86_64-fedora-clang | 4.6.22 | 288.47 | OK | |||
r-devel-linux-x86_64-fedora-gcc | 4.6.22 | 275.55 | OK | |||
r-devel-windows-x86_64 | 4.6.22 | 24.00 | 175.00 | 199.00 | OK | |
r-patched-linux-x86_64 | 4.6.22 | 18.98 | 186.57 | 205.55 | OK | |
r-release-linux-x86_64 | 4.6.22 | 17.24 | 179.39 | 196.63 | OK | |
r-release-macos-arm64 | 4.6.22 | 87.00 | NOTE | |||
r-release-macos-x86_64 | 4.6.22 | 216.00 | NOTE | |||
r-release-windows-x86_64 | 4.6.22 | 25.00 | 179.00 | 204.00 | OK | |
r-oldrel-macos-arm64 | 4.6.22 | 107.00 | NOTE | |||
r-oldrel-macos-x86_64 | 4.6.22 | 189.00 | NOTE | |||
r-oldrel-windows-x86_64 | 4.6.22 | 30.00 | 222.00 | 252.00 | OK |
Version: 4.6.22
Check: installed package size
Result: NOTE
installed size is 5.6Mb
sub-directories of 1Mb or more:
data 4.7Mb
Flavors: r-release-macos-arm64, r-release-macos-x86_64, r-oldrel-macos-arm64, r-oldrel-macos-x86_64