Last updated on 2024-07-01 03:49:00 CEST.
Flavor | Version | Tinstall | Tcheck | Ttotal | Status | Flags |
---|---|---|---|---|---|---|
r-devel-linux-x86_64-debian-clang | 1.0.0 | 4.06 | 336.85 | 340.91 | OK | |
r-devel-linux-x86_64-debian-gcc | 1.0.0 | 2.99 | 237.19 | 240.18 | OK | |
r-devel-linux-x86_64-fedora-clang | 1.0.0 | 426.14 | NOTE | |||
r-devel-linux-x86_64-fedora-gcc | 1.0.0 | 450.64 | OK | |||
r-devel-windows-x86_64 | 1.0.0 | 5.00 | 335.00 | 340.00 | OK | |
r-patched-linux-x86_64 | 1.0.0 | 4.31 | 320.76 | 325.07 | OK | |
r-release-linux-x86_64 | 1.0.0 | 2.71 | 324.61 | 327.32 | OK | |
r-release-macos-arm64 | 1.0.0 | 121.00 | OK | |||
r-release-macos-x86_64 | 1.0.0 | 200.00 | OK | |||
r-release-windows-x86_64 | 1.0.0 | 7.00 | 329.00 | 336.00 | OK | |
r-oldrel-macos-arm64 | 1.0.0 | 122.00 | OK | |||
r-oldrel-macos-x86_64 | 1.0.0 | 259.00 | OK | |||
r-oldrel-windows-x86_64 | 1.0.0 | 6.00 | 368.00 | 374.00 | OK |
Version: 1.0.0
Check: Rd cross-references
Result: NOTE
Undeclared package ‘palaeoverse’ in Rd xrefs
Flavor: r-devel-linux-x86_64-fedora-clang