Last updated on 2024-07-01 03:49:00 CEST.
Flavor | Version | Tinstall | Tcheck | Ttotal | Status | Flags |
---|---|---|---|---|---|---|
r-devel-linux-x86_64-debian-clang | 0.4.0 | 185.24 | 126.11 | 311.35 | NOTE | |
r-devel-linux-x86_64-debian-gcc | 0.4.0 | 130.62 | 91.46 | 222.08 | NOTE | |
r-devel-linux-x86_64-fedora-clang | 0.4.0 | 433.68 | NOTE | |||
r-devel-linux-x86_64-fedora-gcc | 0.4.0 | 461.88 | NOTE | |||
r-devel-windows-x86_64 | 0.4.0 | 140.00 | 122.00 | 262.00 | NOTE | |
r-patched-linux-x86_64 | 0.4.0 | 151.19 | 117.84 | 269.03 | NOTE | |
r-release-linux-x86_64 | 0.4.0 | 148.19 | 119.69 | 267.88 | NOTE | |
r-release-macos-arm64 | 0.4.0 | 89.00 | NOTE | |||
r-release-macos-x86_64 | 0.4.0 | 116.00 | NOTE | |||
r-release-windows-x86_64 | 0.4.0 | 140.00 | 130.00 | 270.00 | NOTE | |
r-oldrel-macos-arm64 | 0.4.0 | 107.00 | NOTE | |||
r-oldrel-macos-x86_64 | 0.4.0 | 172.00 | NOTE | |||
r-oldrel-windows-x86_64 | 0.4.0 | 170.00 | 161.00 | 331.00 | NOTE |
Version: 0.4.0
Check: package dependencies
Result: NOTE
Package suggested but not available for checking: ‘BOLTSSIRR’
Flavors: r-devel-linux-x86_64-debian-clang, r-devel-linux-x86_64-debian-gcc, r-devel-linux-x86_64-fedora-clang, r-devel-linux-x86_64-fedora-gcc, r-devel-windows-x86_64, r-patched-linux-x86_64, r-release-linux-x86_64, r-release-macos-arm64, r-release-macos-x86_64, r-release-windows-x86_64, r-oldrel-macos-arm64, r-oldrel-macos-x86_64, r-oldrel-windows-x86_64
Version: 0.4.0
Check: installed package size
Result: NOTE
installed size is 9.3Mb
sub-directories of 1Mb or more:
libs 8.9Mb
Flavors: r-release-macos-arm64, r-release-macos-x86_64, r-oldrel-macos-arm64, r-oldrel-macos-x86_64