Last updated on 2024-07-01 03:49:00 CEST.
Flavor | Version | Tinstall | Tcheck | Ttotal | Status | Flags |
---|---|---|---|---|---|---|
r-devel-linux-x86_64-debian-clang | 0.1.2 | 10.04 | 58.78 | 68.82 | OK | |
r-devel-linux-x86_64-debian-gcc | 0.1.2 | 7.30 | 44.61 | 51.91 | OK | |
r-devel-linux-x86_64-fedora-clang | 0.1.2 | 89.37 | NOTE | |||
r-devel-linux-x86_64-fedora-gcc | 0.1.2 | 90.13 | NOTE | |||
r-devel-windows-x86_64 | 0.1.2 | 8.00 | 63.00 | 71.00 | OK | |
r-patched-linux-x86_64 | 0.1.2 | 7.34 | 57.69 | 65.03 | OK | |
r-release-linux-x86_64 | 0.1.2 | 6.17 | 57.88 | 64.05 | OK | |
r-release-macos-arm64 | 0.1.2 | 42.00 | OK | |||
r-release-macos-x86_64 | 0.1.2 | 44.00 | OK | |||
r-release-windows-x86_64 | 0.1.2 | 8.00 | 62.00 | 70.00 | OK | |
r-oldrel-macos-arm64 | 0.1.2 | 34.00 | OK | |||
r-oldrel-macos-x86_64 | 0.1.2 | 48.00 | OK | |||
r-oldrel-windows-x86_64 | 0.1.2 | 10.00 | 70.00 | 80.00 | OK |
Version: 0.1.2
Check: dependencies in R code
Result: NOTE
Namespaces in Imports field not imported from:
‘ggmulti’ ‘loon’ ‘loon.data’ ‘loon.ggplot’ ‘loon.shiny’ ‘loon.tourr’
‘stats’ ‘zenplots’
All declared Imports should be used.
Flavors: r-devel-linux-x86_64-fedora-clang, r-devel-linux-x86_64-fedora-gcc