Last updated on 2024-07-01 03:49:00 CEST.
Flavor | Version | Tinstall | Tcheck | Ttotal | Status | Flags |
---|---|---|---|---|---|---|
r-devel-linux-x86_64-debian-clang | 0.3.1 | 10.10 | 67.76 | 77.86 | OK | |
r-devel-linux-x86_64-debian-gcc | 0.3.1 | 7.65 | 50.69 | 58.34 | OK | |
r-devel-linux-x86_64-fedora-clang | 0.3.1 | 99.44 | NOTE | |||
r-devel-linux-x86_64-fedora-gcc | 0.3.1 | 99.79 | NOTE | |||
r-devel-windows-x86_64 | 0.3.1 | 11.00 | 72.00 | 83.00 | OK | |
r-patched-linux-x86_64 | 0.3.1 | 5.90 | 62.31 | 68.21 | OK | |
r-release-linux-x86_64 | 0.3.1 | 8.07 | 63.65 | 71.72 | OK | |
r-release-macos-arm64 | 0.3.1 | 29.00 | OK | |||
r-release-macos-x86_64 | 0.3.1 | 45.00 | OK | |||
r-release-windows-x86_64 | 0.3.1 | 10.00 | 69.00 | 79.00 | OK | |
r-oldrel-macos-arm64 | 0.3.1 | 30.00 | OK | |||
r-oldrel-macos-x86_64 | 0.3.1 | 55.00 | OK | |||
r-oldrel-windows-x86_64 | 0.3.1 | 12.00 | 82.00 | 94.00 | OK |
Version: 0.3.1
Check: dependencies in R code
Result: NOTE
Namespaces in Imports field not imported from:
‘gridExtra’ ‘plotly’ ‘pryr’ ‘rpart’
All declared Imports should be used.
Flavors: r-devel-linux-x86_64-fedora-clang, r-devel-linux-x86_64-fedora-gcc