Last updated on 2024-07-01 03:49:00 CEST.
Flavor | Version | Tinstall | Tcheck | Ttotal | Status | Flags |
---|---|---|---|---|---|---|
r-devel-linux-x86_64-debian-clang | 0.1.0 | 35.59 | 32.17 | 67.76 | NOTE | |
r-devel-linux-x86_64-debian-gcc | 0.1.0 | 21.17 | 24.15 | 45.32 | NOTE | |
r-devel-linux-x86_64-fedora-clang | 0.1.0 | 94.09 | NOTE | |||
r-devel-linux-x86_64-fedora-gcc | 0.1.0 | 96.76 | NOTE | |||
r-devel-windows-x86_64 | 0.1.0 | 34.00 | 63.00 | 97.00 | NOTE | |
r-patched-linux-x86_64 | 0.1.0 | 31.00 | 30.37 | 61.37 | NOTE | |
r-release-linux-x86_64 | 0.1.0 | 24.36 | 30.67 | 55.03 | NOTE | |
r-release-macos-arm64 | 0.1.0 | 26.00 | NOTE | |||
r-release-macos-x86_64 | 0.1.0 | 34.00 | NOTE | |||
r-release-windows-x86_64 | 0.1.0 | 34.00 | 63.00 | 97.00 | NOTE | |
r-oldrel-macos-arm64 | 0.1.0 | 31.00 | NOTE | |||
r-oldrel-macos-x86_64 | 0.1.0 | 38.00 | NOTE | |||
r-oldrel-windows-x86_64 | 0.1.0 | 40.00 | 73.00 | 113.00 | NOTE |
Version: 0.1.0
Check: for GNU extensions in Makefiles
Result: NOTE
GNU make is a SystemRequirements.
Flavors: r-devel-linux-x86_64-debian-clang, r-devel-linux-x86_64-debian-gcc, r-devel-linux-x86_64-fedora-clang, r-devel-linux-x86_64-fedora-gcc, r-devel-windows-x86_64, r-patched-linux-x86_64, r-release-linux-x86_64, r-release-macos-arm64, r-release-macos-x86_64, r-release-windows-x86_64, r-oldrel-macos-arm64, r-oldrel-macos-x86_64, r-oldrel-windows-x86_64