Last updated on 2024-07-01 03:49:00 CEST.
Flavor | Version | Tinstall | Tcheck | Ttotal | Status | Flags |
---|---|---|---|---|---|---|
r-devel-linux-x86_64-debian-clang | 1.3-3 | 23.72 | 131.06 | 154.78 | NOTE | |
r-devel-linux-x86_64-debian-gcc | 1.3-3 | 18.80 | 97.07 | 115.87 | NOTE | |
r-devel-linux-x86_64-fedora-clang | 1.3-3 | 204.83 | NOTE | |||
r-devel-linux-x86_64-fedora-gcc | 1.3-3 | 198.32 | NOTE | |||
r-devel-windows-x86_64 | 1.3-3 | 25.00 | 119.00 | 144.00 | NOTE | |
r-patched-linux-x86_64 | 1.3-3 | 23.91 | 120.37 | 144.28 | OK | |
r-release-linux-x86_64 | 1.3-3 | 24.07 | 124.90 | 148.97 | OK | |
r-release-macos-arm64 | 1.3-3 | 63.00 | OK | |||
r-release-macos-x86_64 | 1.3-3 | 102.00 | OK | |||
r-release-windows-x86_64 | 1.3-3 | 24.00 | 114.00 | 138.00 | OK | |
r-oldrel-macos-arm64 | 1.3-3 | 65.00 | OK | |||
r-oldrel-macos-x86_64 | 1.3-3 | 138.00 | OK | |||
r-oldrel-windows-x86_64 | 1.3-3 | 30.00 | 142.00 | 172.00 | OK |
Version: 1.3-3
Check: compiled code
Result: NOTE
File ‘distcomp/libs/distcomp.so’:
Found non-API call to R: ‘NAMED’
Compiled code should not call non-API entry points in R.
See ‘Writing portable packages’ in the ‘Writing R Extensions’ manual.
See section ‘Moving into C API compliance’ in the ‘Writing R
Extensions’ manual for issues with use of non-API entry points.
Flavors: r-devel-linux-x86_64-debian-clang, r-devel-linux-x86_64-debian-gcc, r-devel-linux-x86_64-fedora-gcc
Version: 1.3-3
Check: compiled code
Result: NOTE
File ‘distcomp/libs/distcomp.so’:
Found non-API call to R: ‘NAMED’
Compiled code should not call non-API entry points in R.
See ‘Writing portable packages’ in the ‘Writing R Extensions’ manual,
and section ‘Moving into C API compliance’ for issues with the use of
non-API entry points.
Flavor: r-devel-linux-x86_64-fedora-clang
Version: 1.3-3
Check: compiled code
Result: NOTE
File 'distcomp/libs/x64/distcomp.dll':
Found non-API call to R: 'NAMED'
Compiled code should not call non-API entry points in R.
See 'Writing portable packages' in the 'Writing R Extensions' manual.
See section 'Moving into C API compliance' in the 'Writing R
Extensions' manual for issues with use of non-API entry points.
Flavor: r-devel-windows-x86_64