Last updated on 2024-07-01 03:49:00 CEST.
Flavor | Version | Tinstall | Tcheck | Ttotal | Status | Flags |
---|---|---|---|---|---|---|
r-devel-linux-x86_64-debian-clang | 2.0.6 | 29.48 | 311.75 | 341.23 | NOTE | |
r-devel-linux-x86_64-debian-gcc | 2.0.6 | 23.41 | 222.58 | 245.99 | NOTE | |
r-devel-linux-x86_64-fedora-clang | 2.0.6 | 453.83 | OK | |||
r-devel-linux-x86_64-fedora-gcc | 2.0.6 | 794.00 | OK | |||
r-devel-windows-x86_64 | 2.0.6 | 23.00 | 190.00 | 213.00 | OK | |
r-patched-linux-x86_64 | 2.0.6 | 25.31 | 286.72 | 312.03 | NOTE | |
r-release-linux-x86_64 | 2.0.6 | 24.00 | 295.29 | 319.29 | NOTE | |
r-release-macos-arm64 | 2.0.6 | 88.00 | NOTE | |||
r-release-macos-x86_64 | 2.0.6 | 153.00 | NOTE | |||
r-release-windows-x86_64 | 2.0.6 | 23.00 | 197.00 | 220.00 | OK | |
r-oldrel-macos-arm64 | 2.0.6 | 108.00 | NOTE | |||
r-oldrel-macos-x86_64 | 2.0.6 | 347.00 | NOTE | |||
r-oldrel-windows-x86_64 | 2.0.6 | 29.00 | 266.00 | 295.00 | NOTE |
Version: 2.0.6
Check: package dependencies
Result: NOTE
Package which this enhances but not available for checking: ‘INLA’
Flavors: r-devel-linux-x86_64-debian-clang, r-devel-linux-x86_64-debian-gcc, r-patched-linux-x86_64, r-release-linux-x86_64, r-release-macos-arm64, r-release-macos-x86_64, r-oldrel-macos-arm64, r-oldrel-macos-x86_64, r-oldrel-windows-x86_64