Last updated on 2024-07-02 15:50:37 CEST.
Flavor | Version | Tinstall | Tcheck | Ttotal | Status | Flags |
---|---|---|---|---|---|---|
r-devel-linux-x86_64-debian-clang | 0.1.1 | 8.94 | 197.46 | 206.40 | OK | |
r-devel-linux-x86_64-debian-gcc | 0.1.1 | 8.19 | 133.85 | 142.04 | OK | |
r-devel-linux-x86_64-fedora-clang | 0.1.1 | 245.19 | NOTE | |||
r-devel-linux-x86_64-fedora-gcc | 0.1.1 | 231.61 | NOTE | |||
r-devel-windows-x86_64 | 0.1.1 | 10.00 | 138.00 | 148.00 | OK | |
r-patched-linux-x86_64 | 0.1.1 | 7.87 | 185.34 | 193.21 | OK | |
r-release-linux-x86_64 | 0.1.1 | 8.84 | 178.22 | 187.06 | OK | |
r-release-macos-arm64 | 0.1.1 | 62.00 | OK | |||
r-release-macos-x86_64 | 0.1.1 | 108.00 | OK | |||
r-release-windows-x86_64 | 0.1.1 | 10.00 | 139.00 | 149.00 | OK | |
r-oldrel-macos-arm64 | 0.1.1 | 75.00 | OK | |||
r-oldrel-macos-x86_64 | 0.1.1 | 173.00 | OK | |||
r-oldrel-windows-x86_64 | 0.1.1 | 11.00 | 188.00 | 199.00 | OK |
Version: 0.1.1
Check: data for non-ASCII characters
Result: NOTE
Note: found 270 marked UTF-8 strings
Flavors: r-devel-linux-x86_64-fedora-clang, r-devel-linux-x86_64-fedora-gcc