Last updated on 2024-07-01 03:49:00 CEST.
Flavor | Version | Tinstall | Tcheck | Ttotal | Status | Flags |
---|---|---|---|---|---|---|
r-devel-linux-x86_64-debian-clang | 0.2.9 | 87.07 | 97.25 | 184.32 | OK | |
r-devel-linux-x86_64-debian-gcc | 0.2.9 | 59.40 | 73.69 | 133.09 | OK | |
r-devel-linux-x86_64-fedora-clang | 0.2.9 | 270.22 | OK | |||
r-devel-linux-x86_64-fedora-gcc | 0.2.9 | 273.62 | OK | |||
r-devel-windows-x86_64 | 0.2.9 | 77.00 | 151.00 | 228.00 | OK | |
r-patched-linux-x86_64 | 0.2.8 | 70.93 | 94.13 | 165.06 | NOTE | |
r-release-linux-x86_64 | 0.2.9 | 69.17 | 94.97 | 164.14 | OK | |
r-release-macos-arm64 | 0.2.9 | 75.00 | OK | |||
r-release-macos-x86_64 | 0.2.9 | 152.00 | OK | |||
r-release-windows-x86_64 | 0.2.9 | 79.00 | 134.00 | 213.00 | OK | |
r-oldrel-macos-arm64 | 0.2.9 | 79.00 | OK | |||
r-oldrel-macos-x86_64 | 0.2.9 | 127.00 | OK | |||
r-oldrel-windows-x86_64 | 0.2.9 | 95.00 | 155.00 | 250.00 | OK |
Version: 0.2.8
Check: Rd files
Result: NOTE
checkRd: (-1) restart_session.Rd:11: Lost braces
11 | 'RStudio', use \code{startup}{restart} instead.
| ^
Flavor: r-patched-linux-x86_64