Last updated on 2024-07-01 03:49:00 CEST.
Flavor | Version | Tinstall | Tcheck | Ttotal | Status | Flags |
---|---|---|---|---|---|---|
r-devel-linux-x86_64-debian-clang | 2.1.7 | 39.26 | 102.83 | 142.09 | NOTE | |
r-devel-linux-x86_64-debian-gcc | 2.1.7 | 23.63 | 73.66 | 97.29 | NOTE | |
r-devel-linux-x86_64-fedora-clang | 2.1.7 | 169.28 | NOTE | |||
r-devel-linux-x86_64-fedora-gcc | 2.1.7 | 173.72 | NOTE | |||
r-devel-windows-x86_64 | 2.1.7 | 31.00 | 101.00 | 132.00 | NOTE | |
r-patched-linux-x86_64 | 2.1.7 | 29.81 | 96.44 | 126.25 | NOTE | |
r-release-linux-x86_64 | 2.1.7 | 22.63 | 93.95 | 116.58 | NOTE | |
r-release-macos-arm64 | 2.1.7 | 55.00 | NOTE | |||
r-release-macos-x86_64 | 2.1.7 | 102.00 | NOTE | |||
r-release-windows-x86_64 | 2.1.7 | 31.00 | 103.00 | 134.00 | NOTE | |
r-oldrel-macos-arm64 | 2.1.7 | 58.00 | OK | |||
r-oldrel-macos-x86_64 | 2.1.7 | 125.00 | OK | |||
r-oldrel-windows-x86_64 | 2.1.7 | 28.00 | 119.00 | 147.00 | OK |
Version: 2.1.7
Check: Rd files
Result: NOTE
checkRd: (-1) AIC.dglars.Rd:47: Lost braces
47 | \item{comp}{the measures of model complexity used to compute the measure of goodness-of-fit. It is equal to \code{npar} when code{complexity = "df"};}
| ^
checkRd: (-1) dglars.Rd:258: Lost braces
258 | \item{\code{7}}{maximum number of solution points ('code{np}') reached.}
| ^
Flavors: r-devel-linux-x86_64-debian-clang, r-devel-linux-x86_64-debian-gcc, r-devel-linux-x86_64-fedora-clang, r-devel-linux-x86_64-fedora-gcc, r-devel-windows-x86_64, r-patched-linux-x86_64, r-release-linux-x86_64, r-release-macos-arm64, r-release-macos-x86_64, r-release-windows-x86_64