Last updated on 2024-07-01 03:49:00 CEST.
Flavor | Version | Tinstall | Tcheck | Ttotal | Status | Flags |
---|---|---|---|---|---|---|
r-devel-linux-x86_64-debian-clang | 0.2.2 | 90.49 | 115.45 | 205.94 | OK | |
r-devel-linux-x86_64-debian-gcc | 0.2.2 | 56.25 | 100.63 | 156.88 | OK | |
r-devel-linux-x86_64-fedora-clang | 0.2.2 | 275.99 | NOTE | |||
r-devel-linux-x86_64-fedora-gcc | 0.2.2 | 306.67 | NOTE | |||
r-devel-windows-x86_64 | 0.2.2 | 65.00 | 143.00 | 208.00 | OK | |
r-patched-linux-x86_64 | 0.2.2 | 70.43 | 124.81 | 195.24 | OK | |
r-release-linux-x86_64 | 0.2.2 | 61.74 | 122.70 | 184.44 | OK | |
r-release-macos-arm64 | 0.2.2 | 108.00 | NOTE | |||
r-release-macos-x86_64 | 0.2.2 | 222.00 | NOTE | |||
r-release-windows-x86_64 | 0.2.2 | 66.00 | 142.00 | 208.00 | OK | |
r-oldrel-macos-arm64 | 0.2.2 | 96.00 | NOTE | |||
r-oldrel-macos-x86_64 | 0.2.2 | 226.00 | NOTE | |||
r-oldrel-windows-x86_64 | 0.2.2 | 77.00 | 163.00 | 240.00 | OK |
Version: 0.2.2
Check: dependencies in R code
Result: NOTE
Namespace in Imports field not imported from: ‘Rcpp’
All declared Imports should be used.
Flavors: r-devel-linux-x86_64-fedora-clang, r-devel-linux-x86_64-fedora-gcc
Version: 0.2.2
Check: installed package size
Result: NOTE
installed size is 5.9Mb
sub-directories of 1Mb or more:
doc 1.8Mb
libs 3.7Mb
Flavors: r-release-macos-arm64, r-release-macos-x86_64, r-oldrel-macos-arm64, r-oldrel-macos-x86_64