Last updated on 2024-07-01 03:49:00 CEST.
Flavor | Version | Tinstall | Tcheck | Ttotal | Status | Flags |
---|---|---|---|---|---|---|
r-devel-linux-x86_64-debian-clang | 1.0-2.2 | 253.04 | 168.28 | 421.32 | NOTE | |
r-devel-linux-x86_64-debian-gcc | 1.0-2.2 | 194.70 | 132.62 | 327.32 | NOTE | |
r-devel-linux-x86_64-fedora-clang | 1.0-2.2 | 525.28 | NOTE | |||
r-devel-linux-x86_64-fedora-gcc | 1.0-2.2 | 632.82 | NOTE | |||
r-devel-windows-x86_64 | 1.0-2.2 | 187.00 | 174.00 | 361.00 | NOTE | |
r-patched-linux-x86_64 | 1.0-2.2 | 144.12 | 168.37 | 312.49 | NOTE | |
r-release-linux-x86_64 | 1.0-2.2 | 162.85 | 172.79 | 335.64 | NOTE | |
r-release-macos-arm64 | 1.0-2.2 | 123.00 | NOTE | |||
r-release-macos-x86_64 | 1.0-2.2 | 185.00 | NOTE | |||
r-release-windows-x86_64 | 1.0-2.2 | 182.00 | 157.00 | 339.00 | NOTE | |
r-oldrel-macos-arm64 | 1.0-2.2 | 134.00 | NOTE | |||
r-oldrel-macos-x86_64 | 1.0-2.2 | 206.00 | NOTE | |||
r-oldrel-windows-x86_64 | 1.0-2.2 | 240.00 | 191.00 | 431.00 | NOTE |
Version: 1.0-2.2
Check: for GNU extensions in Makefiles
Result: NOTE
GNU make is a SystemRequirements.
Flavors: r-devel-linux-x86_64-debian-clang, r-devel-linux-x86_64-debian-gcc, r-devel-linux-x86_64-fedora-clang, r-devel-linux-x86_64-fedora-gcc, r-devel-windows-x86_64, r-patched-linux-x86_64, r-release-linux-x86_64, r-release-macos-arm64, r-release-macos-x86_64, r-release-windows-x86_64, r-oldrel-macos-arm64, r-oldrel-macos-x86_64, r-oldrel-windows-x86_64
Version: 1.0-2.2
Check: installed package size
Result: NOTE
installed size is 44.7Mb
sub-directories of 1Mb or more:
doc 1.9Mb
libs 42.5Mb
Flavors: r-release-macos-arm64, r-release-macos-x86_64, r-oldrel-macos-arm64, r-oldrel-macos-x86_64