Last updated on 2024-07-01 03:49:00 CEST.
Flavor | Version | Tinstall | Tcheck | Ttotal | Status | Flags |
---|---|---|---|---|---|---|
r-devel-linux-x86_64-debian-clang | 1.0.0 | 199.90 | 79.92 | 279.82 | OK | |
r-devel-linux-x86_64-debian-gcc | 1.0.0 | 140.59 | 64.14 | 204.73 | OK | |
r-devel-linux-x86_64-fedora-clang | 1.0.0 | 418.90 | NOTE | |||
r-devel-linux-x86_64-fedora-gcc | 1.0.0 | 457.19 | OK | |||
r-devel-windows-x86_64 | 1.0.0 | 155.00 | 109.00 | 264.00 | NOTE | |
r-patched-linux-x86_64 | 1.0.0 | 163.08 | 81.47 | 244.55 | OK | |
r-release-linux-x86_64 | 1.0.0 | 130.55 | 80.07 | 210.62 | OK | |
r-release-macos-arm64 | 1.0.0 | 97.00 | NOTE | |||
r-release-macos-x86_64 | 1.0.0 | 176.00 | NOTE | |||
r-release-windows-x86_64 | 1.0.0 | 162.00 | 105.00 | 267.00 | NOTE | |
r-oldrel-macos-arm64 | 1.0.0 | 102.00 | NOTE | |||
r-oldrel-macos-x86_64 | 1.0.0 | 141.00 | NOTE | |||
r-oldrel-windows-x86_64 | 1.0.0 | 196.00 | 127.00 | 323.00 | NOTE |
Version: 1.0.0
Check: installed package size
Result: NOTE
installed size is 6.1Mb
sub-directories of 1Mb or more:
doc 2.4Mb
help 2.2Mb
libs 1.4Mb
Flavors: r-devel-linux-x86_64-fedora-clang, r-devel-windows-x86_64, r-release-macos-arm64, r-release-macos-x86_64, r-release-windows-x86_64, r-oldrel-macos-arm64, r-oldrel-macos-x86_64, r-oldrel-windows-x86_64