Last updated on 2024-07-01 03:49:00 CEST.
Flavor | Version | Tinstall | Tcheck | Ttotal | Status | Flags |
---|---|---|---|---|---|---|
r-devel-linux-x86_64-debian-clang | 0.1 | 3.24 | 41.08 | 44.32 | NOTE | |
r-devel-linux-x86_64-debian-gcc | 0.1 | 3.39 | 31.49 | 34.88 | NOTE | |
r-devel-linux-x86_64-fedora-clang | 0.1 | 56.99 | NOTE | |||
r-devel-linux-x86_64-fedora-gcc | 0.1 | 73.23 | NOTE | |||
r-devel-windows-x86_64 | 0.1 | 5.00 | 52.00 | 57.00 | NOTE | |
r-patched-linux-x86_64 | 0.1 | 4.06 | 39.93 | 43.99 | NOTE | |
r-release-linux-x86_64 | 0.1 | 3.56 | 39.00 | 42.56 | NOTE | |
r-release-macos-arm64 | 0.1 | 27.00 | NOTE | |||
r-release-macos-x86_64 | 0.1 | 40.00 | NOTE | |||
r-release-windows-x86_64 | 0.1 | 5.00 | 53.00 | 58.00 | NOTE | |
r-oldrel-macos-arm64 | 0.1 | 26.00 | NOTE | |||
r-oldrel-macos-x86_64 | 0.1 | 40.00 | NOTE | |||
r-oldrel-windows-x86_64 | 0.1 | 6.00 | 57.00 | 63.00 | NOTE |
Version: 0.1
Check: LazyData
Result: NOTE
'LazyData' is specified without a 'data' directory
Flavors: r-devel-linux-x86_64-debian-clang, r-devel-linux-x86_64-debian-gcc, r-devel-linux-x86_64-fedora-clang, r-devel-linux-x86_64-fedora-gcc, r-devel-windows-x86_64, r-patched-linux-x86_64, r-release-linux-x86_64, r-release-macos-arm64, r-release-macos-x86_64, r-release-windows-x86_64, r-oldrel-macos-arm64, r-oldrel-macos-x86_64, r-oldrel-windows-x86_64