Last updated on 2024-07-01 03:49:00 CEST.
Flavor | Version | Tinstall | Tcheck | Ttotal | Status | Flags |
---|---|---|---|---|---|---|
r-devel-linux-x86_64-debian-clang | 1.4-1 | 3.54 | 39.70 | 43.24 | OK | |
r-devel-linux-x86_64-debian-gcc | 1.4-1 | 2.60 | 29.35 | 31.95 | OK | |
r-devel-linux-x86_64-fedora-clang | 1.4-1 | 56.39 | OK | |||
r-devel-linux-x86_64-fedora-gcc | 1.4-1 | 66.74 | OK | |||
r-devel-windows-x86_64 | 1.4-1 | 5.00 | 76.00 | 81.00 | OK | |
r-patched-linux-x86_64 | 1.4 | 2.39 | 37.35 | 39.74 | NOTE | |
r-release-linux-x86_64 | 1.4-1 | 2.37 | 36.63 | 39.00 | OK | |
r-release-macos-arm64 | 1.4-1 | 36.00 | OK | |||
r-release-macos-x86_64 | 1.4-1 | 79.00 | OK | |||
r-release-windows-x86_64 | 1.4-1 | 4.00 | 64.00 | 68.00 | OK | |
r-oldrel-macos-arm64 | 1.4-1 | 41.00 | OK | |||
r-oldrel-macos-x86_64 | 1.4-1 | 82.00 | OK | |||
r-oldrel-windows-x86_64 | 1.4-1 | 5.00 | 59.00 | 64.00 | OK |
Version: 1.4
Check: Rd files
Result: NOTE
checkRd: (-1) deming.Rd:71: Lost braces
71 | on whether the code{cv} option is TRUE or FALSE, respectively.
| ^
Flavor: r-patched-linux-x86_64