Last updated on 2024-07-01 03:49:00 CEST.
Flavor | Version | Tinstall | Tcheck | Ttotal | Status | Flags |
---|---|---|---|---|---|---|
r-devel-linux-x86_64-debian-clang | 2.0.0 | 12.57 | 134.55 | 147.12 | OK | |
r-devel-linux-x86_64-debian-gcc | 2.0.0 | 9.28 | 99.67 | 108.95 | OK | |
r-devel-linux-x86_64-fedora-clang | 2.0.0 | 171.19 | NOTE | |||
r-devel-linux-x86_64-fedora-gcc | 2.0.0 | 191.01 | NOTE | |||
r-devel-windows-x86_64 | 2.0.0 | 10.00 | 113.00 | 123.00 | OK | |
r-patched-linux-x86_64 | 2.0.0 | 11.00 | 127.18 | 138.18 | OK | |
r-release-linux-x86_64 | 2.0.0 | 11.13 | 123.67 | 134.80 | OK | |
r-release-macos-arm64 | 2.0.0 | 62.00 | OK | |||
r-release-macos-x86_64 | 2.0.0 | 90.00 | OK | |||
r-release-windows-x86_64 | 2.0.0 | 10.00 | 115.00 | 125.00 | OK | |
r-oldrel-macos-arm64 | 2.0.0 | 60.00 | OK | |||
r-oldrel-macos-x86_64 | 2.0.0 | 133.00 | OK | |||
r-oldrel-windows-x86_64 | 2.0.0 | 13.00 | 145.00 | 158.00 | OK |
Version: 2.0.0
Check: dependencies in R code
Result: NOTE
Namespace in Imports field not imported from: ‘Matrix’
All declared Imports should be used.
Flavors: r-devel-linux-x86_64-fedora-clang, r-devel-linux-x86_64-fedora-gcc