Last updated on 2024-07-01 03:49:00 CEST.
Flavor | Version | Tinstall | Tcheck | Ttotal | Status | Flags |
---|---|---|---|---|---|---|
r-devel-linux-x86_64-debian-clang | 0.3.0 | 3.83 | 426.19 | 430.02 | NOTE | |
r-devel-linux-x86_64-debian-gcc | 0.3.0 | 3.03 | 284.80 | 287.83 | NOTE | |
r-devel-linux-x86_64-fedora-clang | 0.3.0 | 495.81 | NOTE | |||
r-devel-linux-x86_64-fedora-gcc | 0.3.0 | 509.30 | NOTE | |||
r-devel-windows-x86_64 | 0.3.0 | 5.00 | 324.00 | 329.00 | NOTE | |
r-patched-linux-x86_64 | 0.3.0 | 3.85 | 409.01 | 412.86 | NOTE | |
r-release-linux-x86_64 | 0.3.0 | 2.95 | 403.28 | 406.23 | NOTE | |
r-release-macos-arm64 | 0.3.0 | 118.00 | NOTE | |||
r-release-macos-x86_64 | 0.3.0 | 193.00 | WARN | |||
r-release-windows-x86_64 | 0.3.0 | 4.00 | 321.00 | 325.00 | NOTE | |
r-oldrel-macos-arm64 | 0.3.0 | 128.00 | NOTE | |||
r-oldrel-macos-x86_64 | 0.3.0 | 235.00 | NOTE | |||
r-oldrel-windows-x86_64 | 0.3.0 | 4.00 | 383.00 | 387.00 | NOTE |
Version: 0.3.0
Check: package subdirectories
Result: NOTE
Problems with news in ‘NEWS.md’:
No news entries found.
Flavors: r-devel-linux-x86_64-debian-clang, r-devel-linux-x86_64-debian-gcc, r-devel-linux-x86_64-fedora-clang, r-devel-linux-x86_64-fedora-gcc, r-devel-windows-x86_64, r-patched-linux-x86_64, r-release-linux-x86_64, r-release-macos-arm64, r-release-macos-x86_64, r-release-windows-x86_64, r-oldrel-macos-arm64, r-oldrel-macos-x86_64, r-oldrel-windows-x86_64
Version: 0.3.0
Check: re-building of vignette outputs
Result: WARN
Error(s) in re-building vignettes:
--- re-building ‘UserGuide.Rnw’ using knitr
Error: processing vignette 'UserGuide.Rnw' failed with diagnostics:
Running 'texi2dvi' on 'UserGuide.tex' failed.
LaTeX errors:
! Undefined control sequence.
l.98 \hlkwd{library}\hldef
{(dejaVu)}
?
! Emergency stop.
! Emergency stop.
l.98
End of file on the terminal!
! ==> Fatal error occurred, no output PDF file produced!
--- failed re-building ‘UserGuide.Rnw’
--- re-building ‘analysingExistingDatasets.Rnw’ using knitr
Error: processing vignette 'analysingExistingDatasets.Rnw' failed with diagnostics:
Running 'texi2dvi' on 'analysingExistingDatasets.tex' failed.
LaTeX errors:
! Undefined control sequence.
l.87 \hlkwd{library}\hldef
{(dejaVu)}
?
! Emergency stop.
! Emergency stop.
l.87
End of file on the terminal!
! ==> Fatal error occurred, no output PDF file produced!
--- failed re-building ‘analysingExistingDatasets.Rnw’
SUMMARY: processing the following files failed:
‘UserGuide.Rnw’ ‘analysingExistingDatasets.Rnw’
Error: Vignette re-building failed.
Execution halted
Flavor: r-release-macos-x86_64