Last updated on 2024-07-01 03:49:00 CEST.
Flavor | Version | Tinstall | Tcheck | Ttotal | Status | Flags |
---|---|---|---|---|---|---|
r-devel-linux-x86_64-debian-clang | 1.2-1 | 2.46 | 222.20 | 224.66 | NOTE | |
r-devel-linux-x86_64-debian-gcc | 1.2-1 | 1.94 | 168.45 | 170.39 | NOTE | |
r-devel-linux-x86_64-fedora-clang | 1.2-1 | 286.86 | NOTE | |||
r-devel-linux-x86_64-fedora-gcc | 1.2-1 | 327.03 | NOTE | |||
r-devel-windows-x86_64 | 1.2-1 | 4.00 | 213.00 | 217.00 | NOTE | |
r-patched-linux-x86_64 | 1.2-1 | 1.98 | 239.43 | 241.41 | NOTE | |
r-release-linux-x86_64 | 1.2-1 | 2.29 | 233.30 | 235.59 | NOTE | |
r-release-macos-arm64 | 1.2-1 | 114.00 | NOTE | |||
r-release-macos-x86_64 | 1.2-1 | 176.00 | NOTE | |||
r-release-windows-x86_64 | 1.2-1 | 4.00 | 211.00 | 215.00 | NOTE | |
r-oldrel-macos-arm64 | 1.2-1 | 121.00 | OK | |||
r-oldrel-macos-x86_64 | 1.2-1 | 194.00 | OK | |||
r-oldrel-windows-x86_64 | 1.2-1 | 3.00 | 221.00 | 224.00 | OK |
Version: 1.2-1
Check: Rd files
Result: NOTE
checkRd: (-1) deconv.Rd:85: Lost braces; missing escapes or markup?
85 | \code{tg}, std. error of \eqn{g}, \eqn{G} (the cdf of {g}),
| ^
Flavors: r-devel-linux-x86_64-debian-clang, r-devel-linux-x86_64-debian-gcc, r-devel-linux-x86_64-fedora-clang, r-devel-linux-x86_64-fedora-gcc, r-devel-windows-x86_64, r-patched-linux-x86_64, r-release-linux-x86_64, r-release-macos-arm64, r-release-macos-x86_64, r-release-windows-x86_64