Last updated on 2024-07-01 03:49:00 CEST.
Flavor | Version | Tinstall | Tcheck | Ttotal | Status | Flags |
---|---|---|---|---|---|---|
r-devel-linux-x86_64-debian-clang | 1.2.2 | 5.20 | 44.60 | 49.80 | OK | |
r-devel-linux-x86_64-debian-gcc | 1.2.2 | 4.25 | 35.01 | 39.26 | OK | |
r-devel-linux-x86_64-fedora-clang | 1.2.2 | 64.39 | NOTE | |||
r-devel-linux-x86_64-fedora-gcc | 1.2.2 | 79.94 | NOTE | |||
r-devel-windows-x86_64 | 1.2.2 | 7.00 | 64.00 | 71.00 | OK | |
r-patched-linux-x86_64 | 1.2.2 | 7.46 | 43.90 | 51.36 | OK | |
r-release-linux-x86_64 | 1.2.2 | 4.73 | 44.89 | 49.62 | OK | |
r-release-macos-arm64 | 1.2.2 | 29.00 | OK | |||
r-release-macos-x86_64 | 1.2.2 | 45.00 | OK | |||
r-release-windows-x86_64 | 1.2.2 | 8.00 | 64.00 | 72.00 | OK | |
r-oldrel-macos-arm64 | 1.2.2 | 32.00 | OK | |||
r-oldrel-macos-x86_64 | 1.2.2 | 47.00 | OK | |||
r-oldrel-windows-x86_64 | 1.2.2 | 8.00 | 69.00 | 77.00 | OK |
Version: 1.2.2
Check: data for non-ASCII characters
Result: NOTE
Note: found 1 marked Latin-1 string
Note: found 46826 marked UTF-8 strings
Flavors: r-devel-linux-x86_64-fedora-clang, r-devel-linux-x86_64-fedora-gcc