Last updated on 2024-07-01 03:49:00 CEST.
Flavor | Version | Tinstall | Tcheck | Ttotal | Status | Flags |
---|---|---|---|---|---|---|
r-devel-linux-x86_64-debian-clang | 1.0.0 | 2.78 | 29.89 | 32.67 | NOTE | |
r-devel-linux-x86_64-debian-gcc | 1.0.0 | 2.96 | 22.74 | 25.70 | NOTE | |
r-devel-linux-x86_64-fedora-clang | 1.0.0 | 42.53 | NOTE | |||
r-devel-linux-x86_64-fedora-gcc | 1.0.0 | 57.96 | NOTE | |||
r-devel-windows-x86_64 | 1.0.0 | 4.00 | 44.00 | 48.00 | NOTE | |
r-patched-linux-x86_64 | 1.0.0 | 3.49 | 27.51 | 31.00 | NOTE | |
r-release-linux-x86_64 | 1.0.0 | 3.51 | 28.39 | 31.90 | NOTE | |
r-release-macos-arm64 | 1.0.0 | 23.00 | NOTE | |||
r-release-macos-x86_64 | 1.0.0 | 35.00 | NOTE | |||
r-release-windows-x86_64 | 1.0.0 | 4.00 | 44.00 | 48.00 | NOTE | |
r-oldrel-macos-arm64 | 1.0.0 | 26.00 | OK | |||
r-oldrel-macos-x86_64 | 1.0.0 | 33.00 | OK | |||
r-oldrel-windows-x86_64 | 1.0.0 | 5.00 | 46.00 | 51.00 | OK |
Version: 1.0.0
Check: Rd files
Result: NOTE
checkRd: (-1) CI_mc.Rd:10: Lost braces; missing escapes or markup?
10 | \item{i}{the row index of the interest entry X_{i,j}}
| ^
checkRd: (-1) CI_mc.Rd:12: Lost braces; missing escapes or markup?
12 | \item{j}{the row index of the interest entry X_{i,j}}
| ^
Flavors: r-devel-linux-x86_64-debian-clang, r-devel-linux-x86_64-debian-gcc, r-devel-linux-x86_64-fedora-clang, r-devel-linux-x86_64-fedora-gcc, r-devel-windows-x86_64, r-patched-linux-x86_64, r-release-linux-x86_64, r-release-macos-arm64, r-release-macos-x86_64, r-release-windows-x86_64
Version: 1.0.0
Check: dependencies in R code
Result: NOTE
Namespace in Imports field not imported from: ‘softImpute’
All declared Imports should be used.
Flavors: r-devel-linux-x86_64-fedora-clang, r-devel-linux-x86_64-fedora-gcc