Last updated on 2024-07-01 03:49:00 CEST.
Flavor | Version | Tinstall | Tcheck | Ttotal | Status | Flags |
---|---|---|---|---|---|---|
r-devel-linux-x86_64-debian-clang | 0.6.8 | 23.55 | 130.16 | 153.71 | NOTE | |
r-devel-linux-x86_64-debian-gcc | 0.6.8 | 18.89 | 95.88 | 114.77 | NOTE | |
r-devel-linux-x86_64-fedora-clang | 0.6.8 | 189.86 | NOTE | |||
r-devel-linux-x86_64-fedora-gcc | 0.6.8 | 205.31 | NOTE | |||
r-devel-windows-x86_64 | 0.6.8 | 23.00 | 332.00 | 355.00 | NOTE | |
r-patched-linux-x86_64 | 0.6.8 | 31.74 | 123.95 | 155.69 | NOTE | |
r-release-linux-x86_64 | 0.6.8 | 16.10 | 123.21 | 139.31 | NOTE | |
r-release-macos-arm64 | 0.6.8 | 231.00 | NOTE | |||
r-release-macos-x86_64 | 0.6.8 | 251.00 | NOTE | |||
r-release-windows-x86_64 | 0.6.8 | 26.00 | 439.00 | 465.00 | NOTE | |
r-oldrel-macos-arm64 | 0.6.8 | 214.00 | NOTE | |||
r-oldrel-macos-x86_64 | 0.6.8 | 265.00 | NOTE | |||
r-oldrel-windows-x86_64 | 0.6.8 | 29.00 | 354.00 | 383.00 | OK |
Version: 0.6.8
Check: package dependencies
Result: NOTE
Package suggested but not available for checking: ‘msa’
Flavors: r-devel-linux-x86_64-debian-clang, r-oldrel-macos-arm64, r-oldrel-macos-x86_64
Version: 0.6.8
Check: Rd files
Result: NOTE
checkRd: (-1) is_datelife_query.Rd:17: Lost braces; missing escapes or markup?
17 | First, that \code{input} is of class {datelifeQuery}.
| ^
Flavors: r-devel-linux-x86_64-debian-clang, r-devel-linux-x86_64-debian-gcc, r-devel-linux-x86_64-fedora-clang, r-devel-linux-x86_64-fedora-gcc, r-devel-windows-x86_64, r-patched-linux-x86_64, r-release-linux-x86_64, r-release-macos-arm64, r-release-macos-x86_64, r-release-windows-x86_64
Version: 0.6.8
Check: HTML version of manual
Result: NOTE
Found the following HTML validation problems:
get_dated_otol_induced_subtree.html:53:1 (get_dated_otol_induced_subtree.Rd:19): Warning: trimming empty <dt>
get_otol_synthetic_tree.html:67:1 (get_otol_synthetic_tree.Rd:29): Warning: trimming empty <dt>
summary_matrix_to_phylo.html:89:1 (summary_matrix_to_phylo.Rd:42): Warning: trimming empty <dt>
Flavors: r-devel-linux-x86_64-debian-clang, r-devel-linux-x86_64-debian-gcc, r-devel-linux-x86_64-fedora-clang, r-devel-linux-x86_64-fedora-gcc, r-devel-windows-x86_64, r-patched-linux-x86_64, r-release-linux-x86_64, r-release-windows-x86_64
Version: 0.6.8
Check: package dependencies
Result: NOTE
Imports includes 22 non-default packages.
Importing from so many packages makes the package vulnerable to any of
them becoming unavailable. Move as many as possible to Suggests and
use conditionally.
Flavor: r-devel-linux-x86_64-fedora-clang
Version: 0.6.8
Check: data for non-ASCII characters
Result: NOTE
Note: found 2596 marked UTF-8 strings
Flavors: r-devel-linux-x86_64-fedora-clang, r-devel-linux-x86_64-fedora-gcc
Version: 0.6.8
Check: installed package size
Result: NOTE
installed size is 5.6Mb
sub-directories of 1Mb or more:
data 3.5Mb
Flavors: r-release-macos-arm64, r-release-macos-x86_64, r-oldrel-macos-arm64, r-oldrel-macos-x86_64