Last updated on 2024-07-01 03:49:00 CEST.
Flavor | Version | Tinstall | Tcheck | Ttotal | Status | Flags |
---|---|---|---|---|---|---|
r-devel-linux-x86_64-debian-clang | 2.9.7 | 99.08 | 779.93 | 879.01 | NOTE | |
r-devel-linux-x86_64-debian-gcc | 2.9.7 | 64.71 | 557.50 | 622.21 | NOTE | |
r-devel-linux-x86_64-fedora-clang | 2.9.7 | 1067.18 | NOTE | |||
r-devel-linux-x86_64-fedora-gcc | 2.9.7 | 1013.35 | NOTE | |||
r-devel-windows-x86_64 | 2.9.7 | 71.00 | 568.00 | 639.00 | NOTE | |
r-patched-linux-x86_64 | 2.9.7 | 81.85 | 751.00 | 832.85 | NOTE | |
r-release-linux-x86_64 | 2.9.7 | 74.84 | 749.78 | 824.62 | NOTE | |
r-release-macos-arm64 | 2.9.7 | 237.00 | NOTE | |||
r-release-macos-x86_64 | 2.9.7 | 368.00 | NOTE | |||
r-release-windows-x86_64 | 2.9.7 | 73.00 | 582.00 | 655.00 | NOTE | |
r-oldrel-macos-arm64 | 2.9.7 | 250.00 | NOTE | |||
r-oldrel-macos-x86_64 | 2.9.7 | 569.00 | OK | |||
r-oldrel-windows-x86_64 | 2.9.7 | 102.00 | 638.00 | 740.00 | ERROR |
Version: 2.9.7
Check: Rd files
Result: NOTE
checkRd: (-1) gl.filter.maf.Rd:7: Lost braces; missing escapes or markup?
7 | {adegenet} object}
| ^
checkRd: (-1) gl.pcoa.Rd:68: Lost braces; missing escapes or markup?
68 | The function is essentially a wrapper for glPca {adegenet} or pcoa \{ape\}
| ^
checkRd: (-1) gl.play.history.Rd:17: Lost braces
17 | code{x2@other$history[c(1,4,5)]}). [optional].}
| ^
checkRd: (-1) utils.jackknife.Rd:49: Lost braces
49 | bold{Note} that when n is very small, jackknife resampling is not recommended.
| ^
checkRd: (-1) utils.jackknife.Rd:51: Lost braces
51 | Parallel computation is implemented. The argument code{n.cores} indicates the
| ^
Flavors: r-devel-linux-x86_64-debian-clang, r-devel-linux-x86_64-debian-gcc, r-devel-linux-x86_64-fedora-clang, r-devel-linux-x86_64-fedora-gcc, r-devel-windows-x86_64, r-patched-linux-x86_64, r-release-linux-x86_64, r-release-macos-arm64, r-release-macos-x86_64, r-release-windows-x86_64
Version: 2.9.7
Check: package dependencies
Result: NOTE
Package suggested but not available for checking: ‘snpStats’
Flavor: r-oldrel-macos-arm64
Version: 2.9.7
Check: Rd cross-references
Result: NOTE
Package unavailable to check Rd xrefs: ‘snpStats’
Flavor: r-oldrel-macos-arm64
Version: 2.9.7
Check: examples
Result: ERROR
Running examples in 'dartR-Ex.R' failed
The error most likely occurred in:
> ### Name: gl.pcoa.plot
> ### Title: Bivariate or trivariate plot of the results of an ordination
> ### generated using gl.pcoa()
> ### Aliases: gl.pcoa.plot
>
> ### ** Examples
>
> test <- gl.pcoa(platypus.gl)
Starting gl.pcoa
Processing genlight object with SNP data
Warning: data include loci that are scored NA across all individuals.
Consider filtering using gl <- gl.filter.allna(gl)
Performing a PCA, individuals as entities, loci as attributes, SNP genotype as state
Flavor: r-oldrel-windows-x86_64