Last updated on 2024-07-01 03:49:00 CEST.
Flavor | Version | Tinstall | Tcheck | Ttotal | Status | Flags |
---|---|---|---|---|---|---|
r-devel-linux-x86_64-debian-clang | 0.3.0 | 8.25 | 59.61 | 67.86 | OK | |
r-devel-linux-x86_64-debian-gcc | 0.3.0 | 6.53 | 45.04 | 51.57 | OK | |
r-devel-linux-x86_64-fedora-clang | 0.3.0 | 84.64 | NOTE | |||
r-devel-linux-x86_64-fedora-gcc | 0.3.0 | 99.07 | NOTE | |||
r-devel-windows-x86_64 | 0.3.0 | 8.00 | 63.00 | 71.00 | OK | |
r-patched-linux-x86_64 | 0.3.0 | 8.11 | 56.51 | 64.62 | OK | |
r-release-linux-x86_64 | 0.3.0 | 6.23 | 56.78 | 63.01 | OK | |
r-release-macos-arm64 | 0.3.0 | 35.00 | OK | |||
r-release-macos-x86_64 | 0.3.0 | 50.00 | OK | |||
r-release-windows-x86_64 | 0.3.0 | 9.00 | 64.00 | 73.00 | OK | |
r-oldrel-macos-arm64 | 0.3.0 | 37.00 | OK | |||
r-oldrel-macos-x86_64 | 0.3.0 | 56.00 | OK | |||
r-oldrel-windows-x86_64 | 0.3.0 | 11.00 | 71.00 | 82.00 | OK |
Version: 0.3.0
Check: data for non-ASCII characters
Result: NOTE
Note: found 5 marked UTF-8 strings
Flavors: r-devel-linux-x86_64-fedora-clang, r-devel-linux-x86_64-fedora-gcc