Last updated on 2024-07-01 03:49:00 CEST.
Flavor | Version | Tinstall | Tcheck | Ttotal | Status | Flags |
---|---|---|---|---|---|---|
r-devel-linux-x86_64-debian-clang | 0.2.5 | 14.10 | 122.96 | 137.06 | OK | |
r-devel-linux-x86_64-debian-gcc | 0.2.5 | 13.25 | 92.16 | 105.41 | OK | |
r-devel-linux-x86_64-fedora-clang | 0.2.5 | 170.38 | NOTE | |||
r-devel-linux-x86_64-fedora-gcc | 0.2.5 | 190.92 | NOTE | |||
r-devel-windows-x86_64 | 0.2.5 | 14.00 | 104.00 | 118.00 | OK | |
r-patched-linux-x86_64 | 0.2.5 | 15.72 | 116.69 | 132.41 | OK | |
r-release-linux-x86_64 | 0.2.5 | 11.08 | 117.62 | 128.70 | OK | |
r-release-macos-arm64 | 0.2.5 | 59.00 | OK | |||
r-release-macos-x86_64 | 0.2.5 | 102.00 | OK | |||
r-release-windows-x86_64 | 0.2.5 | 15.00 | 103.00 | 118.00 | OK | |
r-oldrel-macos-arm64 | 0.2.5 | 55.00 | OK | |||
r-oldrel-macos-x86_64 | 0.2.5 | 93.00 | OK | |||
r-oldrel-windows-x86_64 | 0.2.5 | 19.00 | 125.00 | 144.00 | OK |
Version: 0.2.5
Check: data for non-ASCII characters
Result: NOTE
Note: found 1350 marked UTF-8 strings
Flavors: r-devel-linux-x86_64-fedora-clang, r-devel-linux-x86_64-fedora-gcc