Last updated on 2024-07-01 03:49:00 CEST.
Flavor | Version | Tinstall | Tcheck | Ttotal | Status | Flags |
---|---|---|---|---|---|---|
r-devel-linux-x86_64-debian-clang | 1.0.3 | 19.18 | 545.20 | 564.38 | OK | |
r-devel-linux-x86_64-debian-gcc | 1.0.3 | 15.46 | 390.91 | 406.37 | OK | |
r-devel-linux-x86_64-fedora-clang | 1.0.3 | 684.74 | NOTE | |||
r-devel-linux-x86_64-fedora-gcc | 1.0.3 | 699.28 | OK | |||
r-devel-windows-x86_64 | 1.0.3 | 18.00 | 329.00 | 347.00 | NOTE | |
r-patched-linux-x86_64 | 1.0.3 | 13.42 | 506.58 | 520.00 | OK | |
r-release-linux-x86_64 | 1.0.3 | 15.52 | 519.70 | 535.22 | OK | |
r-release-macos-arm64 | 1.0.3 | 148.00 | NOTE | |||
r-release-macos-x86_64 | 1.0.3 | 244.00 | NOTE | |||
r-release-windows-x86_64 | 1.0.3 | 18.00 | 329.00 | 347.00 | NOTE | |
r-oldrel-macos-arm64 | 1.0.3 | 128.00 | NOTE | |||
r-oldrel-macos-x86_64 | 1.0.3 | 186.00 | NOTE | |||
r-oldrel-windows-x86_64 | 1.0.3 | 23.00 | 440.00 | 463.00 | NOTE |
Version: 1.0.3
Check: installed package size
Result: NOTE
installed size is 8.2Mb
sub-directories of 1Mb or more:
doc 7.9Mb
Flavors: r-devel-linux-x86_64-fedora-clang, r-devel-windows-x86_64, r-release-macos-arm64, r-release-macos-x86_64, r-release-windows-x86_64, r-oldrel-macos-arm64, r-oldrel-macos-x86_64, r-oldrel-windows-x86_64