Last updated on 2024-07-01 03:49:00 CEST.
Flavor | Version | Tinstall | Tcheck | Ttotal | Status | Flags |
---|---|---|---|---|---|---|
r-devel-linux-x86_64-debian-clang | 1.0.5 | 21.78 | 195.35 | 217.13 | OK | |
r-devel-linux-x86_64-debian-gcc | 1.0.5 | 16.80 | 148.89 | 165.69 | OK | |
r-devel-linux-x86_64-fedora-clang | 1.0.5 | 278.22 | NOTE | |||
r-devel-linux-x86_64-fedora-gcc | 1.0.5 | 302.69 | NOTE | |||
r-devel-windows-x86_64 | 1.0.5 | 23.00 | 174.00 | 197.00 | OK | |
r-patched-linux-x86_64 | 1.0.5 | 18.08 | 190.20 | 208.28 | OK | |
r-release-linux-x86_64 | 1.0.5 | 16.37 | 194.27 | 210.64 | OK | |
r-release-macos-arm64 | 1.0.5 | 122.00 | NOTE | |||
r-release-macos-x86_64 | 1.0.5 | 164.00 | NOTE | |||
r-release-windows-x86_64 | 1.0.5 | 23.00 | 174.00 | 197.00 | OK | |
r-oldrel-macos-arm64 | 1.0.5 | 138.00 | NOTE | |||
r-oldrel-macos-x86_64 | 1.0.5 | 210.00 | NOTE | |||
r-oldrel-windows-x86_64 | 1.0.5 | 28.00 | 220.00 | 248.00 | NOTE |
Version: 1.0.5
Check: package dependencies
Result: NOTE
Package suggested but not available for checking: ‘EnsDb.Hsapiens.v86’
Flavors: r-devel-linux-x86_64-fedora-clang, r-devel-linux-x86_64-fedora-gcc, r-release-macos-arm64, r-release-macos-x86_64, r-oldrel-macos-arm64, r-oldrel-macos-x86_64, r-oldrel-windows-x86_64