Last updated on 2024-07-01 03:49:00 CEST.
Flavor | Version | Tinstall | Tcheck | Ttotal | Status | Flags |
---|---|---|---|---|---|---|
r-devel-linux-x86_64-debian-clang | 0.2.2 | 9.95 | 103.36 | 113.31 | OK | |
r-devel-linux-x86_64-debian-gcc | 0.2.2 | 7.13 | 76.57 | 83.70 | OK | |
r-devel-linux-x86_64-fedora-clang | 0.2.2 | 139.07 | NOTE | |||
r-devel-linux-x86_64-fedora-gcc | 0.2.2 | 151.34 | OK | |||
r-devel-windows-x86_64 | 0.2.2 | 8.00 | 92.00 | 100.00 | NOTE | |
r-patched-linux-x86_64 | 0.2.2 | 7.30 | 97.88 | 105.18 | OK | |
r-release-linux-x86_64 | 0.2.2 | 5.13 | 96.10 | 101.23 | OK | |
r-release-macos-arm64 | 0.2.2 | 47.00 | NOTE | |||
r-release-macos-x86_64 | 0.2.2 | 70.00 | NOTE | |||
r-release-windows-x86_64 | 0.2.2 | 10.00 | 93.00 | 103.00 | NOTE | |
r-oldrel-macos-arm64 | 0.2.2 | 46.00 | NOTE | |||
r-oldrel-macos-x86_64 | 0.2.2 | 101.00 | NOTE | |||
r-oldrel-windows-x86_64 | 0.2.2 | 11.00 | 111.00 | 122.00 | NOTE |
Version: 0.2.2
Check: installed package size
Result: NOTE
installed size is 6.6Mb
sub-directories of 1Mb or more:
doc 6.4Mb
Flavors: r-devel-linux-x86_64-fedora-clang, r-devel-windows-x86_64, r-release-macos-arm64, r-release-macos-x86_64, r-release-windows-x86_64, r-oldrel-macos-arm64, r-oldrel-macos-x86_64, r-oldrel-windows-x86_64