Last updated on 2024-07-01 03:49:00 CEST.
Flavor | Version | Tinstall | Tcheck | Ttotal | Status | Flags |
---|---|---|---|---|---|---|
r-devel-linux-x86_64-debian-clang | 0.3.9 | 83.82 | 543.15 | 626.97 | OK | |
r-devel-linux-x86_64-debian-gcc | 0.3.9 | 63.56 | 402.51 | 466.07 | OK | |
r-devel-linux-x86_64-fedora-clang | 0.3.9 | 751.56 | OK | |||
r-devel-linux-x86_64-fedora-gcc | 0.3.9 | 799.87 | OK | |||
r-devel-windows-x86_64 | 0.3.9 | 67.00 | 581.00 | 648.00 | OK | |
r-patched-linux-x86_64 | 0.3.9 | 69.87 | 536.80 | 606.67 | OK | |
r-release-linux-x86_64 | 0.3.9 | 70.74 | 520.61 | 591.35 | OK | |
r-release-macos-arm64 | 0.3.9 | 222.00 | NOTE | |||
r-release-macos-x86_64 | 0.3.9 | 588.00 | NOTE | |||
r-release-windows-x86_64 | 0.3.9 | 68.00 | 571.00 | 639.00 | OK | |
r-oldrel-macos-arm64 | 0.3.9 | 379.00 | NOTE | |||
r-oldrel-macos-x86_64 | 0.3.9 | 961.00 | NOTE | |||
r-oldrel-windows-x86_64 | 0.3.9 | 84.00 | 677.00 | 761.00 | OK |
Version: 0.3.9
Check: installed package size
Result: NOTE
installed size is 9.1Mb
sub-directories of 1Mb or more:
data 1.2Mb
doc 2.2Mb
libs 5.5Mb
Flavors: r-release-macos-arm64, r-release-macos-x86_64, r-oldrel-macos-arm64, r-oldrel-macos-x86_64