Last updated on 2024-07-01 03:49:00 CEST.
Flavor | Version | Tinstall | Tcheck | Ttotal | Status | Flags |
---|---|---|---|---|---|---|
r-devel-linux-x86_64-debian-clang | 1.2.1 | 185.96 | 83.34 | 269.30 | OK | |
r-devel-linux-x86_64-debian-gcc | 1.2.1 | 125.60 | 61.35 | 186.95 | OK | |
r-devel-linux-x86_64-fedora-clang | 1.2.1 | 403.28 | NOTE | |||
r-devel-linux-x86_64-fedora-gcc | 1.2.1 | 403.54 | NOTE | |||
r-devel-windows-x86_64 | 1.2.1 | 139.00 | 101.00 | 240.00 | OK | |
r-patched-linux-x86_64 | 1.2.1 | 155.13 | 75.66 | 230.79 | OK | |
r-release-linux-x86_64 | 1.2.1 | 153.64 | 75.60 | 229.24 | OK | |
r-release-macos-arm64 | 1.2.1 | 76.00 | NOTE | |||
r-release-macos-x86_64 | 1.2.1 | 83.00 | NOTE | |||
r-release-windows-x86_64 | 1.2.1 | 141.00 | 104.00 | 245.00 | OK | |
r-oldrel-macos-arm64 | 1.2.1 | 90.00 | NOTE | |||
r-oldrel-macos-x86_64 | 1.2.1 | 155.00 | NOTE | |||
r-oldrel-windows-x86_64 | 1.2.1 | 170.00 | 125.00 | 295.00 | OK |
Version: 1.2.1
Check: compiled code
Result: NOTE
File ‘cqrReg/libs/cqrReg.so’:
Found no calls to: ‘R_registerRoutines’, ‘R_useDynamicSymbols’
It is good practice to register native routines and to disable symbol
search.
See ‘Writing portable packages’ in the ‘Writing R Extensions’ manual.
Flavors: r-devel-linux-x86_64-fedora-clang, r-devel-linux-x86_64-fedora-gcc
Version: 1.2.1
Check: installed package size
Result: NOTE
installed size is 6.9Mb
sub-directories of 1Mb or more:
libs 6.8Mb
Flavors: r-release-macos-arm64, r-release-macos-x86_64, r-oldrel-macos-arm64, r-oldrel-macos-x86_64