Last updated on 2024-07-01 03:49:00 CEST.
Flavor | Version | Tinstall | Tcheck | Ttotal | Status | Flags |
---|---|---|---|---|---|---|
r-devel-linux-x86_64-debian-clang | 1.0.1 | 9.70 | 68.91 | 78.61 | NOTE | |
r-devel-linux-x86_64-debian-gcc | 1.0.1 | 7.35 | 52.38 | 59.73 | NOTE | |
r-devel-linux-x86_64-fedora-clang | 1.0.1 | 97.00 | NOTE | |||
r-devel-linux-x86_64-fedora-gcc | 1.0.1 | 102.35 | NOTE | |||
r-devel-windows-x86_64 | 1.0.1 | 14.00 | 70.00 | 84.00 | NOTE | |
r-patched-linux-x86_64 | 1.0.1 | 7.67 | 63.90 | 71.57 | NOTE | |
r-release-linux-x86_64 | 1.0.1 | 6.83 | 63.78 | 70.61 | NOTE | |
r-release-macos-arm64 | 1.0.1 | 31.00 | NOTE | |||
r-release-macos-x86_64 | 1.0.1 | 46.00 | NOTE | |||
r-release-windows-x86_64 | 1.0.1 | 14.00 | 70.00 | 84.00 | NOTE | |
r-oldrel-macos-arm64 | 1.0.1 | 33.00 | OK | |||
r-oldrel-macos-x86_64 | 1.0.1 | 55.00 | OK | |||
r-oldrel-windows-x86_64 | 1.0.1 | 17.00 | 81.00 | 98.00 | OK |
Version: 1.0.1
Check: Rd files
Result: NOTE
checkRd: (-1) gen_data.Rd:21: Lost braces in \itemize; \value handles \item{}{} directly
checkRd: (-1) gen_data.Rd:22: Lost braces in \itemize; \value handles \item{}{} directly
checkRd: (-1) gen_data.Rd:23-24: Lost braces in \itemize; \value handles \item{}{} directly
checkRd: (-1) plot.coxr.Rd:36: Lost braces in \itemize; \value handles \item{}{} directly
checkRd: (-1) plot.coxr.Rd:37: Lost braces in \itemize; \value handles \item{}{} directly
checkRd: (-1) plot.coxr.Rd:38-39: Lost braces in \itemize; \value handles \item{}{} directly
Flavors: r-devel-linux-x86_64-debian-clang, r-devel-linux-x86_64-debian-gcc, r-devel-linux-x86_64-fedora-clang, r-devel-linux-x86_64-fedora-gcc, r-devel-windows-x86_64, r-patched-linux-x86_64, r-release-linux-x86_64, r-release-macos-arm64, r-release-macos-x86_64, r-release-windows-x86_64