Last updated on 2024-07-01 03:49:00 CEST.
Flavor | Version | Tinstall | Tcheck | Ttotal | Status | Flags |
---|---|---|---|---|---|---|
r-devel-linux-x86_64-debian-clang | 1.1.3 | 7.79 | 130.49 | 138.28 | OK | |
r-devel-linux-x86_64-debian-gcc | 1.1.3 | 6.00 | 94.30 | 100.30 | OK | |
r-devel-linux-x86_64-fedora-clang | 1.1.3 | 171.93 | OK | |||
r-devel-linux-x86_64-fedora-gcc | 1.1.3 | 182.21 | OK | |||
r-devel-windows-x86_64 | 1.1.3 | 9.00 | 111.00 | 120.00 | OK | |
r-patched-linux-x86_64 | 1.1.3 | 11.20 | 123.60 | 134.80 | OK | |
r-release-linux-x86_64 | 1.1.3 | 7.56 | 122.88 | 130.44 | OK | |
r-release-macos-arm64 | 1.1.3 | 60.00 | NOTE | |||
r-release-macos-x86_64 | 1.1.3 | 78.00 | OK | |||
r-release-windows-x86_64 | 1.1.3 | 9.00 | 112.00 | 121.00 | OK | |
r-oldrel-macos-arm64 | 1.1.3 | 53.00 | OK | |||
r-oldrel-macos-x86_64 | 1.1.3 | 107.00 | OK | |||
r-oldrel-windows-x86_64 | 1.1.3 | 11.00 | 131.00 | 142.00 | OK |
Version: 1.1.3
Check: package dependencies
Result: NOTE
Package suggested but not available for checking: ‘testthat’
Flavor: r-release-macos-arm64