Last updated on 2024-07-01 03:49:00 CEST.
Flavor | Version | Tinstall | Tcheck | Ttotal | Status | Flags |
---|---|---|---|---|---|---|
r-devel-linux-x86_64-debian-clang | 1.0.0 | 24.91 | 30.02 | 54.93 | OK | |
r-devel-linux-x86_64-debian-gcc | 1.0.0 | 21.43 | 23.92 | 45.35 | OK | |
r-devel-linux-x86_64-fedora-clang | 1.0.0 | 73.68 | NOTE | |||
r-devel-linux-x86_64-fedora-gcc | 1.0.0 | 89.06 | NOTE | |||
r-devel-windows-x86_64 | 1.0.0 | 24.00 | 48.00 | 72.00 | NOTE | |
r-patched-linux-x86_64 | 1.0.0 | 26.45 | 29.29 | 55.74 | OK | |
r-release-linux-x86_64 | 1.0.0 | 24.68 | 29.26 | 53.94 | OK | |
r-release-macos-arm64 | 1.0.0 | 39.00 | NOTE | |||
r-release-macos-x86_64 | 1.0.0 | 55.00 | NOTE | |||
r-release-windows-x86_64 | 1.0.0 | 23.00 | 48.00 | 71.00 | NOTE | |
r-oldrel-macos-arm64 | 1.0.0 | 42.00 | NOTE | |||
r-oldrel-macos-x86_64 | 1.0.0 | 77.00 | NOTE | |||
r-oldrel-windows-x86_64 | 1.0.0 | 29.00 | 49.00 | 78.00 | NOTE |
Version: 1.0.0
Check: installed package size
Result: NOTE
installed size is 6.0Mb
sub-directories of 1Mb or more:
help 4.8Mb
Flavors: r-devel-linux-x86_64-fedora-clang, r-devel-windows-x86_64, r-release-macos-arm64, r-release-macos-x86_64, r-release-windows-x86_64, r-oldrel-macos-arm64, r-oldrel-macos-x86_64, r-oldrel-windows-x86_64
Version: 1.0.0
Check: dependencies in R code
Result: NOTE
Namespace in Imports field not imported from: ‘usethis’
All declared Imports should be used.
Flavors: r-devel-linux-x86_64-fedora-clang, r-devel-linux-x86_64-fedora-gcc